{"id":212,"date":"2016-10-27T09:47:11","date_gmt":"2016-10-27T07:47:11","guid":{"rendered":"http:\/\/www.kananas.com\/skiclubducern3300\/?page_id=212"},"modified":"2021-11-10T13:31:12","modified_gmt":"2021-11-10T12:31:12","slug":"inscription-aux-activites","status":"publish","type":"page","link":"https:\/\/www.kananas.com\/skiclubcern\/inscription-aux-activites\/","title":{"rendered":"Inscription aux activit\u00e9s"},"content":{"rendered":"<p style=\"text-align: right\"><a href=\"http:\/\/www.kananas.com\/skiclubcern\/subscription-to-activities\/\"><span style=\"font-size: 8pt\"><strong><span style=\"font-size: 14pt\">English version<\/span><\/strong><\/span><\/a><\/p>\n<h2>Comment faire?<\/h2>\n<ol>\n<li>Connectez vous sur votre compte (&#8220;Espace perso&#8221; dans le menu \u00e0 droite) \u00e0 l\u2019aide de votre nom d&#8217;utilisateur et mot de passe.\n<ol>\n<li>Si vous n&#8217;avez pas encore de nom d&#8217;utilisateur et mot de passe, vous devez <a href=\"http:\/\/www.kananas.com\/skiclubcern\/comment-senregistrer\/\">cr\u00e9er un compte<\/a> d&#8217;abord.<\/li>\n<li>Si vous avez oubliez votre mot de passe, vous pouvez en redemander un sur l&#8217;\u00e9cran de connexion. Il vous sera envoy\u00e9 par e-mail pour que vous puissiez le r\u00e9initialiser dans votre espace perso.<\/li>\n<\/ol>\n<\/li>\n<li>Maintenant vous pouvez\n<ol>\n<li>choisir votre activit\u00e9 dans le menu <strong>Planning<\/strong> (visible uniquement quand ouverte \u00e0 l&#8217;inscription, quelques semaines \u00e0 l&#8217;avance <span class=\"text\" lang=\"fr\">au plus t\u00f4t<\/span>) et<\/li>\n<li>payer en ligne dans le menu Cart.<\/li>\n<\/ol>\n<\/li>\n<li>La cotisation annuelle au club (ainsi que la Carte Neige si requise) sera automatiquement ajout\u00e9e au premier article que vous avez choisi.<\/li>\n<li>Le club\u00a0encourage ses membres d&#8217;opter pour un paiement en ligne. Dans votre espace perso vous pouvez r\u00e9gler le montant \u00e0 payer avec une carte de cr\u00e9dit.<br \/>\nSinon, vous pouvez payer en esp\u00e8ces ou par ch\u00e8que lors d&#8217;une permanence.<\/li>\n<li>Veuillez consulter l&#8217;<a href=\"http:\/\/www.kananas.com\/skiclubcern\/avis-de-confidentialite\/\">avis de confidentialit\u00e9<\/a> sur le traitement des donn\u00e9es personnelles.<\/li>\n<\/ol>\n<h2>Nouveau : <a href=\"http:\/\/www.kananas.com\/skiclubcern\/cartes\/carte-neige\/procedure-dobtention-de-carte-neige\/\">Proc\u00e9dure pour renouvellement de Carte neige<\/a><\/h2>\n<p>Veuillez suivre les i<a href=\"http:\/\/www.kananas.com\/skiclubcern\/cartes\/carte-neige\/procedure-dobtention-de-carte-neige\/\">nstructions d\u00e9taill\u00e9es pour l&#8217;obtention de votre Carte neige<\/a>.<br \/>\nCes formalit\u00e9s sont \u00e0 accomplir imm\u00e9diatement apr\u00e8s l&#8217;inscription aux activit\u00e9s. Jusqu\u2019\u00e0 leur accomplissement, votre inscription aux activit\u00e9s\u00a0sera en attente et sera valid\u00e9e seulement quand le club proc\u00e9dera \u00e0 la pr\u00e9paration de votre Carte neige.<\/p>\n","protected":false},"excerpt":{"rendered":"<p>English version Comment faire? Connectez vous sur votre compte (&#8220;Espace perso&#8221; dans le menu \u00e0 droite) \u00e0 l\u2019aide de votre nom d&#8217;utilisateur et mot de passe. Si vous n&#8217;avez pas encore de nom d&#8217;utilisateur et mot de passe, vous devez cr\u00e9er un compte d&#8217;abord. Si vous avez oubliez votre mot de passe, vous pouvez en redemander un sur l&#8217;\u00e9cran de connexion. Il vous sera envoy\u00e9 par e-mail pour que vous puissiez le r\u00e9initialiser dans votre espace perso. Maintenant vous pouvez choisir votre activit\u00e9 dans le menu Planning (visible uniquement quand ouverte \u00e0 l&#8217;inscription, quelques semaines \u00e0 l&#8217;avance au plus t\u00f4t) et payer en ligne dans le menu Cart. La cotisation annuelle au club (ainsi que la Carte Neige si requise) sera automatiquement ajout\u00e9e au premier article que vous avez choisi. Le club\u00a0encourage ses membres d&#8217;opter pour un paiement en ligne. Dans votre espace perso vous pouvez r\u00e9gler le montant \u00e0 payer avec une carte de cr\u00e9dit. Sinon, vous pouvez payer en esp\u00e8ces ou par ch\u00e8que lors d&#8217;une permanence. Veuillez consulter l&#8217;avis de confidentialit\u00e9 sur le traitement des donn\u00e9es personnelles. Nouveau : Proc\u00e9dure pour renouvellement de Carte neige Veuillez suivre les instructions d\u00e9taill\u00e9es pour l&#8217;obtention de votre Carte neige. Ces formalit\u00e9s sont \u00e0 accomplir imm\u00e9diatement apr\u00e8s l&#8217;inscription aux activit\u00e9s. Jusqu\u2019\u00e0 leur accomplissement, votre inscription aux activit\u00e9s\u00a0sera en attente et sera valid\u00e9e seulement quand le club proc\u00e9dera \u00e0 la pr\u00e9paration de votre Carte neige.<\/p>\n","protected":false},"author":911,"featured_media":0,"parent":0,"menu_order":0,"comment_status":"closed","ping_status":"closed","template":"","meta":{"_crdt_document":"","footnotes":""},"class_list":["post-212","page","type-page","status-publish","hentry"],"_links":{"self":[{"href":"https:\/\/www.kananas.com\/skiclubcern\/wp-json\/wp\/v2\/pages\/212","targetHints":{"allow":["GET"]}}],"collection":[{"href":"https:\/\/www.kananas.com\/skiclubcern\/wp-json\/wp\/v2\/pages"}],"about":[{"href":"https:\/\/www.kananas.com\/skiclubcern\/wp-json\/wp\/v2\/types\/page"}],"author":[{"embeddable":true,"href":"https:\/\/www.kananas.com\/skiclubcern\/wp-json\/wp\/v2\/users\/911"}],"replies":[{"embeddable":true,"href":"https:\/\/www.kananas.com\/skiclubcern\/wp-json\/wp\/v2\/comments?post=212"}],"version-history":[{"count":10,"href":"https:\/\/www.kananas.com\/skiclubcern\/wp-json\/wp\/v2\/pages\/212\/revisions"}],"predecessor-version":[{"id":2019,"href":"https:\/\/www.kananas.com\/skiclubcern\/wp-json\/wp\/v2\/pages\/212\/revisions\/2019"}],"wp:attachment":[{"href":"https:\/\/www.kananas.com\/skiclubcern\/wp-json\/wp\/v2\/media?parent=212"}],"curies":[{"name":"wp","href":"https:\/\/api.w.org\/{rel}","templated":true}]}}