{"id":377,"date":"2016-10-31T11:50:33","date_gmt":"2016-10-31T09:50:33","guid":{"rendered":"http:\/\/www.kananas.com\/skiclubducern3300\/?page_id=377"},"modified":"2018-09-10T17:45:03","modified_gmt":"2018-09-10T15:45:03","slug":"links","status":"publish","type":"page","link":"https:\/\/www.kananas.com\/skiclubcern\/activities\/ski-touring\/links\/","title":{"rendered":"Links"},"content":{"rendered":"<p style=\"text-align: right\"><a href=\"http:\/\/www.kananas.com\/skiclubcern\/sections\/ski-de-randonnee\/liens\/\"><span style=\"font-size: 8pt\">Version fran\u00e7aise<\/span><\/a><\/p>\n<table border=\"0\" cellspacing=\"0\" cellpadding=\"0\">\n<tbody>\n<tr>\n<td>\n<table border=\"0\" cellspacing=\"0\" cellpadding=\"0\">\n<tbody>\n<tr>\n<td><i><b>Weather Forecasts<\/b><\/i><\/td>\n<\/tr>\n<tr>\n<td><\/td>\n<\/tr>\n<tr>\n<td>France<\/td>\n<\/tr>\n<tr>\n<td>\u00a0<a href=\"http:\/\/www.chamonix.com\/page.php?page=11&amp;r=meteo_chamonix&amp;ling=fr\" target=\"_blank\" rel=\"nofollow\">Chamonix.com<\/a><\/td>\n<\/tr>\n<tr>\n<td>\u00a0<a href=\"http:\/\/www.meteo-chamonix.org\/\" target=\"_blank\" rel=\"nofollow\">M\u00e9t\u00e9o-chamonix.org<\/a><\/td>\n<\/tr>\n<tr>\n<td>\u00a0<a href=\"http:\/\/france.meteofrance.com\/france\/montagne?19987.path=montagneprevisionmassif%252FALPES-NORD\" target=\"_blank\" rel=\"nofollow\">M\u00e9t\u00e9o France<\/a><\/td>\n<\/tr>\n<tr>\n<td>\u00a0<a href=\"http:\/\/www.meteo-alpes.fr\/prevision-meteo-haute-savoie.html\" target=\"_blank\" rel=\"nofollow\">Meteo-alpes.fr<\/a><\/td>\n<\/tr>\n<tr>\n<td><\/td>\n<\/tr>\n<tr>\n<td>Switzerland<\/td>\n<\/tr>\n<tr>\n<td>\u00a0<a href=\"http:\/\/www.meteosuisse.ch\/web\/fr\/meteo.html\" target=\"_blank\" rel=\"nofollow\">M\u00e9t\u00e9o Suisse &#8211; Aper\u00e7u 5 jrs<\/a><\/td>\n<\/tr>\n<tr>\n<td>\u00a0<a href=\"http:\/\/www.meteosuisse.ch\/web\/fr\/meteo\/previsions_en_detail.html\" target=\"_blank\" rel=\"nofollow\">M\u00e9t\u00e9o Suisse &#8211; Pr\u00e9vision d\u00e9taill\u00e9e<\/a><\/td>\n<\/tr>\n<tr>\n<td>\u00a0<a href=\"http:\/\/www.meteocentrale.ch\/index.php?id=1&amp;L=2\" target=\"_blank\" rel=\"nofollow\">M\u00e9t\u00e9oCentrale.Ch<\/a><\/td>\n<\/tr>\n<tr>\n<td><\/td>\n<\/tr>\n<tr>\n<td>Learning<\/td>\n<\/tr>\n<tr>\n<td>\u00a0<a href=\"http:\/\/comprendre.meteofrance.com\/content\/2008\/5\/4696-48.pdf\" target=\"_blank\" rel=\"nofollow\">Guide montagne M\u00e9t\u00e9o France<\/a><\/td>\n<\/tr>\n<tr>\n<td><\/td>\n<\/tr>\n<tr>\n<td><i><b>Avalanche Bulletins<\/b><\/i><\/td>\n<\/tr>\n<tr>\n<td><\/td>\n<\/tr>\n<tr>\n<td>\u00a0<a href=\"http:\/\/www.meteo.fr\/temps\/france\/nivose\/\" target=\"_blank\" rel=\"nofollow\">Niv\u00f4se M\u00e9t\u00e9o France<\/a><\/td>\n<\/tr>\n<tr>\n<td>\u00a0<a href=\"http:\/\/france.meteofrance.com\/france\/montagne?19987.path=montagnebulletinneige\" target=\"_blank\" rel=\"nofollow\">Bulletin d&#8217;avalanches France<\/a><\/td>\n<\/tr>\n<tr>\n<td>\u00a0<a href=\"http:\/\/france.meteofrance.com\/france\/MONTAGNE?MONTAGNE_PORTLET.path=montagnebulletinneige%2FDEPT74\" target=\"_blank\" rel=\"nofollow\">Haute Savoie<\/a><\/td>\n<\/tr>\n<tr>\n<td>\u00a0<a href=\"http:\/\/pistehors.com\/backcountry\/wiki\/Avalanches\/Avalanche-Bulletin\" target=\"_blank\" rel=\"nofollow\">Pistehors.com<\/a><\/td>\n<\/tr>\n<tr>\n<td>\u00a0<a href=\"http:\/\/www.slf.ch\/lawineninfo\/lawinenbulletin\/gefahrenkarte\/index_EN\" target=\"_blank\" rel=\"nofollow\">Bulletin d&#8217;avalanches Suisse<\/a><\/td>\n<\/tr>\n<tr>\n<td>\u00a0<a href=\"http:\/\/www.aineva.it\/bolletti\/bollettino1_ok.html\" target=\"_blank\" rel=\"nofollow\">Bulletin d&#8217;avalanches Italien<\/a><\/td>\n<\/tr>\n<tr>\n<td>\u00a0<a href=\"http:\/\/www.montagneinfo.net\/\" target=\"_blank\" rel=\"nofollow\">Conditions de course<\/a><\/td>\n<\/tr>\n<tr>\n<td><\/td>\n<\/tr>\n<tr>\n<td>Learning<\/td>\n<\/tr>\n<tr>\n<td>\u00a0<a href=\"http:\/\/comprendre.meteofrance.com\/content\/2008\/5\/4692-48.pdf\" target=\"_blank\" rel=\"nofollow\">Guide avalanche M\u00e9t\u00e9o France<\/a><\/td>\n<\/tr>\n<tr>\n<td>\u00a0<a href=\"http:\/\/www.slf.ch\/avalanche\/scale-fr.html\" target=\"_blank\" rel=\"nofollow\">Echelle de danger d&#8217;avalanche<\/a><\/td>\n<\/tr>\n<tr>\n<td><\/td>\n<\/tr>\n<tr>\n<td>\u00a0<a href=\"http:\/\/gap.ffcam.fr\/club\/telecharger.php?le_rep_fichier=documentations&amp;le_fichier=Methode-reduction-risques-avalanches.pdf\" target=\"_blank\" rel=\"nofollow\">M\u00e9thode de r\u00e9duction pour<\/a><br \/>\n<a href=\"http:\/\/gap.ffcam.fr\/club\/telecharger.php?le_rep_fichier=documentations&amp;le_fichier=Methode-reduction-risques-avalanches.pdf\" rel=\"nofollow\">l&#8217;\u00e9valuation des risques<\/a><br \/>\n<a href=\"http:\/\/gap.ffcam.fr\/club\/telecharger.php?le_rep_fichier=documentations&amp;le_fichier=Methode-reduction-risques-avalanches.pdf\" rel=\"nofollow\">face aux avalanches<\/a><\/td>\n<\/tr>\n<tr>\n<td><\/td>\n<\/tr>\n<tr>\n<td>\u00a0<a href=\"http:\/\/www.slf.ch\/welcome-fr.html\" target=\"_blank\" rel=\"nofollow\">ENA<\/a> (Switzerland)<\/td>\n<\/tr>\n<tr>\n<td>\u00a0<a href=\"http:\/\/www.anena.org\/\" target=\"_blank\" rel=\"nofollow\">ANENA<\/a> (France)<\/td>\n<\/tr>\n<tr>\n<td><\/td>\n<\/tr>\n<tr>\n<td><i><b>Mountain Rescue<\/b><\/i><\/td>\n<\/tr>\n<tr>\n<td><\/td>\n<\/tr>\n<tr>\n<td>\u00a0<a href=\"http:\/\/www.ffme.fr\/secours\/\" target=\"_blank\" rel=\"nofollow\">Sur le site de la FFME<\/a><\/td>\n<\/tr>\n<tr>\n<td>\u00a0<a href=\"http:\/\/www.ffme.fr\/secours\/telephone\/index.htm\" target=\"_blank\" rel=\"nofollow\">Num\u00e9ros de t\u00e9l\u00e9phone<\/a><\/td>\n<\/tr>\n<tr>\n<td><\/td>\n<\/tr>\n<\/tbody>\n<\/table>\n<\/td>\n<td><\/td>\n<td><\/td>\n<td style=\"vertical-align: top\">\n<table border=\"0\" cellspacing=\"0\" cellpadding=\"0\">\n<tbody>\n<tr>\n<td><i><b>Buying or renting gear<br \/>\n<\/b><\/i><\/td>\n<\/tr>\n<tr>\n<td><\/td>\n<\/tr>\n<tr>\n<td>\u00a0<a href=\"http:\/\/www.univers-sports.ch\/\" target=\"_blank\" rel=\"nofollow\">Univers Sports<\/a> (Geneva)<\/td>\n<\/tr>\n<tr>\n<td>\u00a0<a href=\"http:\/\/www.penseyres-sports.com\/site\/index.php\" target=\"_blank\" rel=\"nofollow\">Penseyres-sports<\/a> (Geneva)<\/td>\n<\/tr>\n<tr>\n<td>\u00a0<a href=\"http:\/\/www.passemontagne.ch\/\" target=\"_blank\" rel=\"nofollow\">Passe Montagne<\/a> (Geneva)<\/td>\n<\/tr>\n<tr>\n<td>\u00a0<a href=\"http:\/\/www.athleticum.ch\/index_f.asp\" target=\"_blank\" rel=\"nofollow\">Athleticum<\/a> (Meyrin)<\/td>\n<\/tr>\n<tr>\n<td>\u00a0<a href=\"http:\/\/www.ochsner-sport.ch\/index.php?newlang=french\" target=\"_blank\" rel=\"nofollow\">Ochsner-sport<\/a> (Geneva, Carouge&#8230;)<\/td>\n<\/tr>\n<tr>\n<td>\u00a0<a href=\"http:\/\/www.sport2000.fr\/magasin\/sport-2000\/sport-2000-segny.html\" rel=\"nofollow\">Sport 2000<\/a> (Segny)<\/td>\n<\/tr>\n<tr>\n<td>\u00a0<a href=\"http:\/\/maps.google.fr\/maps?f=q&amp;hl=fr&amp;geocode=&amp;q=st+g%C3%A9nis+pouilly,+ZA+allondon&amp;sll=46.257746,6.035829&amp;sspn=0.022076,0.039911&amp;ie=UTF8&amp;ll=46.263865,6.028812&amp;spn=0.005518,0.009978&amp;t=h&amp;z=17\" target=\"_blank\">Intersport<\/a> (St G\u00e9nis Pouilly)<\/td>\n<\/tr>\n<tr>\n<td>\u00a0<a href=\"http:\/\/maps.google.fr\/maps?f=q&amp;hl=fr&amp;geocode=&amp;q=intersports+ville+la+grand&amp;sll=47.15984,2.988281&amp;sspn=11.118398,20.43457&amp;ie=UTF8&amp;ll=46.203033,6.261177&amp;spn=0.022098,0.039911&amp;z=15\" target=\"_blank\">Intersport<\/a> (Annemasse)<\/td>\n<\/tr>\n<tr>\n<td>\u00a0<a href=\"http:\/\/sportsexperiences.free.fr\/\" target=\"_blank\" rel=\"nofollow\">Sports Experiences<\/a> (Ville-la-Grand)<\/td>\n<\/tr>\n<tr>\n<td>\u00a0<a href=\"http:\/\/www.lanches.fr\/\" target=\"_blank\" rel=\"nofollow\">Lanches Sports<\/a> (Ville-la-Grand)<\/td>\n<\/tr>\n<tr>\n<td>\u00a0<a href=\"http:\/\/www.decathlon.fr\/FR\/rhone-alpes-10568333\/\" target=\"_blank\" rel=\"nofollow\">D\u00e9cathlon<\/a> (Annemasse, Epagny)<\/td>\n<\/tr>\n<tr>\n<td>\u00a0<a href=\"http:\/\/www.go-sport.com\/magasins_gosport.htm\" target=\"_blank\" rel=\"nofollow\">Go Sport<\/a> (Val Thoiry)<\/td>\n<\/tr>\n<tr>\n<td>\u00a0<a href=\"http:\/\/www.cham3s.com\/\" target=\"_blank\" rel=\"nofollow\">Cham3S<\/a> (Chamonix)<\/td>\n<\/tr>\n<tr>\n<td>\u00a0<a href=\"http:\/\/www.espacemontagne.com\/\" target=\"_blank\" rel=\"nofollow\">Espace Montagne<\/a> (Epagny)<\/td>\n<\/tr>\n<tr>\n<td>\u00a0<a href=\"http:\/\/www.versant-nord.com\/fr\/index.php\" target=\"_blank\" rel=\"nofollow\">Versant Nord<\/a> (Thones)<\/td>\n<\/tr>\n<tr>\n<td>\u00a0<a href=\"http:\/\/www.au-vieux-campeur.fr\/gp\/\" target=\"_blank\" rel=\"nofollow\">Au Vieux Campeur<\/a> (Sallanches&#8230;)<\/td>\n<\/tr>\n<tr>\n<td>\u00a0<a href=\"http:\/\/www.expe.fr\/\" target=\"_blank\" rel=\"nofollow\">Expe<\/a><\/td>\n<\/tr>\n<tr>\n<td>\u00a0<a href=\"http:\/\/www.nic-impex.com\/\" target=\"_blank\" rel=\"nofollow\">Nic Impex<\/a><\/td>\n<\/tr>\n<tr>\n<td>\u00a0<a href=\"http:\/\/www.interlocation.com\/\" target=\"_blank\" rel=\"nofollow\">Intersport Location<\/a><\/td>\n<\/tr>\n<tr>\n<td>\u00a0<a href=\"http:\/\/www.snowleader.com\/fr\/\" target=\"_blank\" rel=\"nofollow\">SnowLeader.com<\/a><\/td>\n<\/tr>\n<tr>\n<td>\u00a0<a href=\"http:\/\/www.telemark-pyrenees.com\/fr\/\" target=\"_blank\" rel=\"nofollow\">Telemark-pyrenees<\/a><\/td>\n<\/tr>\n<tr>\n<td>\u00a0<a href=\"http:\/\/www.montania-sport.com\/\" target=\"_blank\" rel=\"nofollow\">Montania-sport<\/a><\/td>\n<\/tr>\n<tr>\n<td>\u00a0<a href=\"http:\/\/www.natxplore.com\/\" target=\"_blank\" rel=\"nofollow\">Natxplore<\/a><\/td>\n<\/tr>\n<tr>\n<td>\u00a0<a href=\"http:\/\/www.montagneshop.com\/\" target=\"_blank\" rel=\"nofollow\">Montagneshop<\/a><\/td>\n<\/tr>\n<tr>\n<td>\u00a0<a href=\"http:\/\/www.ski-libre.com\/\" target=\"_blank\" rel=\"nofollow\">Ski-libre<\/a><\/td>\n<\/tr>\n<tr>\n<td>\u00a0<a href=\"http:\/\/www.loopingsports.com\/\" target=\"_blank\" rel=\"nofollow\">Looping sports (Crozet)<\/a><\/td>\n<\/tr>\n<tr>\n<td><\/td>\n<\/tr>\n<tr>\n<td><\/td>\n<\/tr>\n<tr>\n<td><\/td>\n<\/tr>\n<\/tbody>\n<\/table>\n<\/td>\n<td><\/td>\n<td><\/td>\n<td style=\"vertical-align: top\">\n<table border=\"0\" cellspacing=\"0\" cellpadding=\"0\">\n<tbody>\n<tr>\n<td><i><b>Clubs, topos de courses, refuges&#8230;<\/b><\/i><\/td>\n<\/tr>\n<tr>\n<td><\/td>\n<\/tr>\n<tr>\n<td>\u00a0<a href=\"http:\/\/www.camptocamp.org\/\" target=\"_blank\" rel=\"nofollow\">Camptocamp.org<\/a><\/td>\n<\/tr>\n<tr>\n<td>\u00a0<a href=\"http:\/\/www.skitour.fr\/\" target=\"_blank\" rel=\"nofollow\">Skitour.fr<\/a><\/td>\n<\/tr>\n<tr>\n<td>\u00a0<a href=\"http:\/\/www.bivouak.net\/accueil\/index.php?id_sport=1\" target=\"_blank\" rel=\"nofollow\">Bivouak.net<\/a><\/td>\n<\/tr>\n<tr>\n<td>\u00a0<a href=\"http:\/\/www.skirando.net\/\" target=\"_blank\" rel=\"nofollow\">Skirando.net<\/a><\/td>\n<\/tr>\n<tr>\n<td>\u00a0<a href=\"http:\/\/www.ffme.fr\/\" target=\"_blank\" rel=\"nofollow\">FFME<\/a><\/td>\n<\/tr>\n<tr>\n<td>\u00a0<a href=\"http:\/\/www.ffs.fr\/\" target=\"_blank\" rel=\"nofollow\">FFS<\/a><\/td>\n<\/tr>\n<tr>\n<td>\u00a0<a href=\"http:\/\/www.sac-cas.ch\/sacportal.nsf\/F_Index?OpenPage\" target=\"_blank\" rel=\"nofollow\">CAS<\/a> (Club Alpin Suisse)<\/td>\n<\/tr>\n<tr>\n<td>\u00a0<a href=\"http:\/\/www.ffcam.fr\/\" target=\"_blank\" rel=\"nofollow\">CAF<\/a> (Club Alpin Fran\u00e7ais)<\/td>\n<\/tr>\n<tr>\n<td>\u00a0<a href=\"http:\/\/www.capdg.asso.cc-pays-de-gex.fr\/\" target=\"_blank\" rel=\"nofollow\">CAF Pays de Gex<\/a><\/td>\n<\/tr>\n<tr>\n<td>\u00a0<a href=\"http:\/\/www.cai.it\/\" target=\"_blank\" rel=\"nofollow\">CAI<\/a> (Club Alpin Italien)<\/td>\n<\/tr>\n<tr>\n<td>\u00a0<a href=\"http:\/\/www.amis.ch\/accueil\/index.php\" target=\"_blank\" rel=\"nofollow\">Les Amis Montagnards<\/a> &#8211; Gen\u00e8ve<\/td>\n<\/tr>\n<tr>\n<td>\u00a0<a href=\"http:\/\/www.montagnes.com\/indexc.htm\" target=\"_blank\" rel=\"nofollow\">Le Serveur Montagne<\/a><\/td>\n<\/tr>\n<tr>\n<td>\u00a0<a href=\"http:\/\/www.montagne-virtuel.com\/technique\/skirando.php\" target=\"_blank\" rel=\"nofollow\">Montagne-virtuel<\/a><\/td>\n<\/tr>\n<tr>\n<td>\u00a0<a href=\"http:\/\/www.skimountaineering.org\/\" target=\"_blank\" rel=\"nofollow\">Ski Mountaineering.org<\/a><\/td>\n<\/tr>\n<tr>\n<td>\u00a0<a href=\"http:\/\/www.skiinfo.fr\/\" rel=\"nofollow\">Skiinfo.fr<\/a><\/td>\n<\/tr>\n<tr>\n<td>\u00a0<a href=\"http:\/\/www.ohm-chamonix.com\/\" target=\"_blank\" rel=\"nofollow\">Office de Moyenne<\/a><br \/>\n<a href=\"http:\/\/www.ohm-chamonix.com\/\" target=\"_blank\" rel=\"nofollow\">et Haute Montagne de Chamonix<\/a><\/td>\n<\/tr>\n<tr>\n<td>\u00a0<a href=\"http:\/\/www.ohm-chamonix.com\/fiche.php?id=62&amp;ling=Fr\" target=\"_blank\" rel=\"nofollow\">Les refuges<\/a><\/td>\n<\/tr>\n<tr>\n<td>\u00a0<a href=\"http:\/\/www.ski74.fr\/cat\/randonnee\" rel=\"nofollow\">SKI74 (FFS de la Haute Savoie)<\/a><\/td>\n<\/tr>\n<\/tbody>\n<\/table>\n<\/td>\n<\/tr>\n<\/tbody>\n<\/table>\n","protected":false},"excerpt":{"rendered":"<p>Version fran\u00e7aise Weather Forecasts France \u00a0Chamonix.com \u00a0M\u00e9t\u00e9o-chamonix.org \u00a0M\u00e9t\u00e9o France \u00a0Meteo-alpes.fr Switzerland \u00a0M\u00e9t\u00e9o Suisse &#8211; Aper\u00e7u 5 jrs \u00a0M\u00e9t\u00e9o Suisse &#8211; Pr\u00e9vision d\u00e9taill\u00e9e \u00a0M\u00e9t\u00e9oCentrale.Ch Learning \u00a0Guide montagne M\u00e9t\u00e9o France Avalanche Bulletins \u00a0Niv\u00f4se M\u00e9t\u00e9o France \u00a0Bulletin d&#8217;avalanches France \u00a0Haute Savoie \u00a0Pistehors.com \u00a0Bulletin d&#8217;avalanches Suisse \u00a0Bulletin d&#8217;avalanches Italien \u00a0Conditions de course Learning \u00a0Guide avalanche M\u00e9t\u00e9o France \u00a0Echelle de danger d&#8217;avalanche \u00a0M\u00e9thode de r\u00e9duction pour l&#8217;\u00e9valuation des risques face aux avalanches \u00a0ENA (Switzerland) \u00a0ANENA (France) Mountain Rescue \u00a0Sur le site de la FFME \u00a0Num\u00e9ros de t\u00e9l\u00e9phone Buying or renting gear \u00a0Univers Sports (Geneva) \u00a0Penseyres-sports (Geneva) \u00a0Passe Montagne (Geneva) \u00a0Athleticum (Meyrin) \u00a0Ochsner-sport (Geneva, Carouge&#8230;) \u00a0Sport 2000 (Segny) \u00a0Intersport (St G\u00e9nis Pouilly) \u00a0Intersport (Annemasse) \u00a0Sports Experiences (Ville-la-Grand) \u00a0Lanches Sports (Ville-la-Grand) \u00a0D\u00e9cathlon (Annemasse, Epagny) \u00a0Go Sport (Val Thoiry) \u00a0Cham3S (Chamonix) \u00a0Espace Montagne (Epagny) \u00a0Versant Nord (Thones) \u00a0Au Vieux Campeur (Sallanches&#8230;) \u00a0Expe \u00a0Nic Impex \u00a0Intersport Location \u00a0SnowLeader.com \u00a0Telemark-pyrenees \u00a0Montania-sport \u00a0Natxplore \u00a0Montagneshop \u00a0Ski-libre \u00a0Looping sports (Crozet) Clubs, topos de courses, refuges&#8230; \u00a0Camptocamp.org \u00a0Skitour.fr \u00a0Bivouak.net \u00a0Skirando.net \u00a0FFME \u00a0FFS \u00a0CAS (Club Alpin Suisse) \u00a0CAF (Club Alpin Fran\u00e7ais) \u00a0CAF Pays de Gex \u00a0CAI (Club Alpin Italien) \u00a0Les Amis Montagnards &#8211; Gen\u00e8ve \u00a0Le Serveur Montagne \u00a0Montagne-virtuel \u00a0Ski Mountaineering.org \u00a0Skiinfo.fr \u00a0Office de Moyenne et Haute Montagne de Chamonix \u00a0Les refuges \u00a0SKI74 (FFS de la Haute Savoie)<\/p>\n","protected":false},"author":911,"featured_media":0,"parent":393,"menu_order":0,"comment_status":"closed","ping_status":"closed","template":"","meta":{"_crdt_document":"","footnotes":""},"class_list":["post-377","page","type-page","status-publish","hentry"],"_links":{"self":[{"href":"https:\/\/www.kananas.com\/skiclubcern\/wp-json\/wp\/v2\/pages\/377","targetHints":{"allow":["GET"]}}],"collection":[{"href":"https:\/\/www.kananas.com\/skiclubcern\/wp-json\/wp\/v2\/pages"}],"about":[{"href":"https:\/\/www.kananas.com\/skiclubcern\/wp-json\/wp\/v2\/types\/page"}],"author":[{"embeddable":true,"href":"https:\/\/www.kananas.com\/skiclubcern\/wp-json\/wp\/v2\/users\/911"}],"replies":[{"embeddable":true,"href":"https:\/\/www.kananas.com\/skiclubcern\/wp-json\/wp\/v2\/comments?post=377"}],"version-history":[{"count":1,"href":"https:\/\/www.kananas.com\/skiclubcern\/wp-json\/wp\/v2\/pages\/377\/revisions"}],"predecessor-version":[{"id":1341,"href":"https:\/\/www.kananas.com\/skiclubcern\/wp-json\/wp\/v2\/pages\/377\/revisions\/1341"}],"up":[{"embeddable":true,"href":"https:\/\/www.kananas.com\/skiclubcern\/wp-json\/wp\/v2\/pages\/393"}],"wp:attachment":[{"href":"https:\/\/www.kananas.com\/skiclubcern\/wp-json\/wp\/v2\/media?parent=377"}],"curies":[{"name":"wp","href":"https:\/\/api.w.org\/{rel}","templated":true}]}}