{"id":381,"date":"2016-10-31T11:54:24","date_gmt":"2016-10-31T09:54:24","guid":{"rendered":"http:\/\/www.kananas.com\/skiclubducern3300\/?page_id=381"},"modified":"2022-11-08T13:08:27","modified_gmt":"2022-11-08T12:08:27","slug":"contactez-nous","status":"publish","type":"page","link":"https:\/\/www.kananas.com\/skiclubcern\/activites\/ski-de-randonnee\/contactez-nous\/","title":{"rendered":"Contactez nous"},"content":{"rendered":"<p style=\"text-align: right\"><a href=\"http:\/\/www.kananas.com\/skiclubcern\/contact-us\/\"><span style=\"font-size: 8pt\">English version<\/span><\/a><\/p>\n<p>Pour toutes questions concernant les pages web, le ski de randonn\u00e9e en g\u00e9n\u00e9ral, les sorties ou pour faire des suggestions, n&#8217;h\u00e9sitez pas \u00e0 passer \u00e0 <a href=\"http:\/\/www.kananas.com\/skiclubcern\/contact\/\" target=\"_blank\" rel=\"noopener noreferrer\">la permanence<\/a> les jeudis soirs ou \u00e0 envoyer un e-mail \u00e0 l&#8217;adresse de la section rando ci-dessous.<\/p>\n<p>Si vous ne recevez pas de r\u00e9ponse &#8216;dans les 5 minutes&#8217;&#8230; ne d\u00e9sesp\u00e9rez pas, nous devons donner la priorit\u00e9 \u00e0 notre activit\u00e9 professionnelle! Apr\u00e8s tout, notre engagement au sein du ski club reste b\u00e9n\u00e9vole et nous faisons tout notre possible pour vous r\u00e9pondre au plus vite.<\/p>\n<p>La section Ski de randonn\u00e9e 2022-2025:<br \/>\n&#8211; Responsable: Oriol Rios<br \/>\n&#8211; E-mail: <a href=\"mailto:cern.ski.rando@gmail.com\">cern.ski.rando@gmail.com<\/a><\/p>\n<p>Mailing liste rando:\u00a0Pas de liste en ce moment<\/p>\n<p>Mailing liste des membres cette saison:\u00a0Pas de liste en ce moment<\/p>\n","protected":false},"excerpt":{"rendered":"<p>English version Pour toutes questions concernant les pages web, le ski de randonn\u00e9e en g\u00e9n\u00e9ral, les sorties ou pour faire des suggestions, n&#8217;h\u00e9sitez pas \u00e0 passer \u00e0 la permanence les jeudis soirs ou \u00e0 envoyer un e-mail \u00e0 l&#8217;adresse de la section rando ci-dessous. Si vous ne recevez pas de r\u00e9ponse &#8216;dans les 5 minutes&#8217;&#8230; ne d\u00e9sesp\u00e9rez pas, nous devons donner la priorit\u00e9 \u00e0 notre activit\u00e9 professionnelle! Apr\u00e8s tout, notre engagement au sein du ski club reste b\u00e9n\u00e9vole et nous faisons tout notre possible pour vous r\u00e9pondre au plus vite. La section Ski de randonn\u00e9e 2022-2025: &#8211; Responsable: Oriol Rios &#8211; E-mail: cern.ski.rando@gmail.com Mailing liste rando:\u00a0Pas de liste en ce moment Mailing liste des membres cette saison:\u00a0Pas de liste en ce moment<\/p>\n","protected":false},"author":911,"featured_media":0,"parent":162,"menu_order":0,"comment_status":"closed","ping_status":"closed","template":"","meta":{"_crdt_document":"","footnotes":""},"class_list":["post-381","page","type-page","status-publish","hentry"],"_links":{"self":[{"href":"https:\/\/www.kananas.com\/skiclubcern\/wp-json\/wp\/v2\/pages\/381","targetHints":{"allow":["GET"]}}],"collection":[{"href":"https:\/\/www.kananas.com\/skiclubcern\/wp-json\/wp\/v2\/pages"}],"about":[{"href":"https:\/\/www.kananas.com\/skiclubcern\/wp-json\/wp\/v2\/types\/page"}],"author":[{"embeddable":true,"href":"https:\/\/www.kananas.com\/skiclubcern\/wp-json\/wp\/v2\/users\/911"}],"replies":[{"embeddable":true,"href":"https:\/\/www.kananas.com\/skiclubcern\/wp-json\/wp\/v2\/comments?post=381"}],"version-history":[{"count":4,"href":"https:\/\/www.kananas.com\/skiclubcern\/wp-json\/wp\/v2\/pages\/381\/revisions"}],"predecessor-version":[{"id":2213,"href":"https:\/\/www.kananas.com\/skiclubcern\/wp-json\/wp\/v2\/pages\/381\/revisions\/2213"}],"up":[{"embeddable":true,"href":"https:\/\/www.kananas.com\/skiclubcern\/wp-json\/wp\/v2\/pages\/162"}],"wp:attachment":[{"href":"https:\/\/www.kananas.com\/skiclubcern\/wp-json\/wp\/v2\/media?parent=381"}],"curies":[{"name":"wp","href":"https:\/\/api.w.org\/{rel}","templated":true}]}}