{"id":63,"date":"2023-09-22T17:45:07","date_gmt":"2023-09-22T15:45:07","guid":{"rendered":"http:\/\/www.kananas.com\/skiclubducern3300\/?page_id=63"},"modified":"2025-12-11T19:39:24","modified_gmt":"2025-12-11T18:39:24","slug":"cours-de-ski-alpin","status":"publish","type":"page","link":"https:\/\/www.kananas.com\/skiclubcern\/activites\/ski-alpin\/cours-de-ski-alpin\/","title":{"rendered":"Cours de ski alpin et de snowboard"},"content":{"rendered":"<p style=\"text-align: right\"><strong><span style=\"font-size: 14pt\"><a href=\"http:\/\/www.kananas.com\/skiclubcern\/activities\/downhill-skiing\/downhill-skiing-classes\/\">English version<\/a><\/span><\/strong><\/p>\n<h2>G\u00e9n\u00e9ralit\u00e9s<\/h2>\n<ul>\n<li>Le <a href=\"http:\/\/www.kananas.com\/skiclubcern\/prix\/\">prix d&#8217;inscription<\/a> comprend le cours de ski ou de snowboard, le transport en bus et le forfait de ski et (si vous \u00eates pas d\u00e9j\u00e0 membre avec carte neige) la cotisation et la carte neige.<\/li>\n<li>L&#8217;\u00e9quipement <strong>n&#8217;est pas inclus<\/strong>. Soit vous l&#8217;achetez, soit vous louez pour la saison (c.f. <a href=\"http:\/\/www.kananas.com\/skiclubcern\/cartes\/rabais\/\">ici<\/a>), il n&#8217;est pas possible (ni \u00e9conomique) de louer pour la journ\u00e9e \u00e0 nos destinations.<\/li>\n<li>Les cours sont compos\u00e9s de 5 le\u00e7ons d&#8217;une journ\u00e9e qui auront lieu de d\u00e9but janvier \u00e0 d\u00e9but f\u00e9vrier, sur soit 5 samedis soit 5 dimanches cons\u00e9cutifs.<\/li>\n<li>Lors de l&#8217;inscription vous devez choisir votre niveau de comp\u00e9tence\n<ul>\n<li>ski sur une <a href=\"http:\/\/www.kananas.com\/skiclubcern\/activites\/ski-alpin\/niveaux-de-ski\/\">\u00e9chelle de 0.0 \u00e0 3.5<\/a><\/li>\n<li>ski off-piste sur une <a href=\"https:\/\/www.kananas.com\/skiclubcern\/ski-hors-piste\/\">\u00e9chelle de 3.0tn and 3.5tn<\/a><\/li>\n<li>snowboard sur une <a href=\"http:\/\/www.kananas.com\/skiclubcern\/activites\/snowboard\/niveaux-de-snowboard\/\">\u00e9chelle de 0.0 \u00e0 3.0<\/a>.<\/li>\n<\/ul>\n<\/li>\n<li>S&#8217;il s&#8217;av\u00e8re que le niveau choisi n&#8217;est pas juste, le moniteur de ski ou de snowboard vous int\u00e9grera dans un groupe qui correspond mieux.<\/li>\n<li>Les cours se d\u00e9roulent en groupe de 8 participants, en moyenne, du m\u00eame niveau.<\/li>\n<li>Les groupes sont encadr\u00e9s par des moniteurs de ski\/snowboard certifi\u00e9s qui\u00a0suivent une\u00a0formation initiale et continue dispens\u00e9e\u00a0par la <a href=\"http:\/\/www.ffs.fr\" target=\"_blank\" rel=\"noopener noreferrer\">FFS<\/a>.<\/li>\n<li>Les moniteurs sont tous des <strong>b\u00e9n\u00e9voles<\/strong>.<\/li>\n<li>La <a href=\"http:\/\/www.kananas.com\/skiclubcern\/activites\/autres\/carte-neige\/\">Carte neige<\/a> est obligatoire pour la participation aux cours de ski ou de snowboard.<\/li>\n<li>Si vous \u00eates inscrits le samedi, vous ne pouvez pas changer pour le dimanche et inversement.<br \/>\nVous pouvez en revanche souscrire pour le samedi et le dimanche<\/li>\n<li>Des absences (m\u00eame annonc\u00e9s) ne sont ni compens\u00e9s ni rembours\u00e9s.<\/li>\n<\/ul>\n<h2>Dates et d\u00e9stinations 2026<\/h2>\n<table class=\"aligncenter\" style=\"margin-left: 40px;width: 82.3547%;height: 120px\">\n<tbody>\n<tr style=\"height: 20px\">\n<td style=\"width: 24.1776%;height: 20px\"><strong>Date<\/strong><\/td>\n<td style=\"width: 15.9539%;height: 20px\"><strong>Station<\/strong><\/td>\n<\/tr>\n<tr style=\"height: 20px\">\n<td style=\"width: 24.1776%;height: 20px\">10 + 11 Janvier<\/td>\n<td style=\"width: 15.9539%;height: 20px\"><a href=\"https:\/\/www.lesgets.com\/\" target=\"_blank\" rel=\"noopener noreferrer\">Les Gets<\/a><\/td>\n<\/tr>\n<tr style=\"height: 20px\">\n<td style=\"width: 24.1776%;height: 20px\">17 + 18 Janvier<\/td>\n<td style=\"width: 15.9539%;height: 20px\"><a href=\"https:\/\/www.saintgervais.com\/\" target=\"_blank\" rel=\"noopener\">Saint Gervais <\/a><\/td>\n<\/tr>\n<tr style=\"height: 20px\">\n<td style=\"width: 24.1776%;height: 20px\">24 + 25 Janvier<\/td>\n<td style=\"width: 15.9539%;height: 20px\"><a href=\"http:\/\/www.lescontamines.com\/\" target=\"_blank\" rel=\"noopener noreferrer\">Les Contamines<\/a><\/td>\n<\/tr>\n<tr style=\"height: 20px\">\n<td style=\"width: 24.1776%;height: 20px\">31 Janvier + 1 F\u00e9vrier<\/td>\n<td style=\"width: 15.9539%;height: 20px\"><a href=\"https:\/\/www.laclusaz.com\">La Clusaz<\/a><\/td>\n<\/tr>\n<tr style=\"height: 20px\">\n<td style=\"width: 24.1776%;height: 20px\">07 + 08 F\u00e9vrier<\/td>\n<td style=\"width: 15.9539%;height: 20px\"><a href=\"http:\/\/www.avoriaz.com\/\" target=\"_blank\" rel=\"noopener noreferrer\">Avoriaz<\/a><\/td>\n<\/tr>\n<\/tbody>\n<\/table>\n<h2><\/h2>\n<h2><\/h2>\n<h2>Points et heures de d\u00e9part de bus<\/h2>\n<p><a href=\"https:\/\/www.google.com\/maps\/d\/viewer?dg=feature&amp;hl=en&amp;msa=0&amp;z=12&amp;ie=UTF8&amp;mid=1lYrgRzKWS3bmRGA-vEhrYUoSfH4\">GPS coordinates (google)<\/a><\/p>\n<table class=\" alignleft\" style=\"width: 98.0126%;height: 312px\">\n<tbody>\n<tr style=\"height: 72px\">\n<td style=\"width: 8.34403%;height: 72px\">7:00 h<\/td>\n<td style=\"text-align: left;width: 90.7574%;height: 72px\">\n<div class=\"\"><strong><span class=\"\">ST. GENIS (NO CARS) (Alpin\/Snow): Lyc\u00e9e International St. Genis (France)<\/span><\/strong><\/div>\n<div class=\"\"><span class=\"\">Parking de bus entre le Lyc\u00e9gemoe et le centre aquatique \u2014 parking public limit\u00e9 le dimanche, pas disponible le samedi.<br \/>\n<\/span><\/div>\n<\/td>\n<\/tr>\n<tr style=\"height: 48px\">\n<td style=\"width: 8.34403%;height: 48px\">7:00 h<\/td>\n<td style=\"text-align: left;width: 90.7574%;height: 48px\"><strong>COLLEGE JORAN (Alpin\/Snow): Pr\u00e9vessin-Mo\u00ebns, Coll\u00e8ge le Joran<\/strong><br \/>\nParking public disponible.<\/td>\n<\/tr>\n<tr style=\"height: 72px\">\n<td style=\"width: 8.34403%;height: 72px\">7:10 h<\/td>\n<td style=\"text-align: left;width: 90.7574%;height: 72px\"><strong>TRAM CERN (NO CARS) (Alpin\/Snow): Globe du CERN<\/strong><br \/>\nParking de bus \u00e0 c\u00f4t\u00e9 du Globe, proche de l&#8217;arr\u00eat CERN du tram 18. Suivre le chemin entre Globe et Science Gateway pendant environ 100 m, puis le parking des bus se trouve sur la droite. <strong>Pas de parking disponible. <\/strong><a href=\"https:\/\/visit.cern\/fr\/getting-here\" target=\"_blank\" rel=\"noopener\">https:\/\/visit.cern\/fr\/getting-here<\/a><img loading=\"lazy\" decoding=\"async\" class=\"alignnone size-medium wp-image-3252\" src=\"https:\/\/www.kananas.com\/skiclubcern\/wp-content\/uploads\/sites\/882\/2025\/02\/skiclub-parking-cern-300x209.jpeg\" alt=\"\" width=\"300\" height=\"209\" srcset=\"https:\/\/www.kananas.com\/skiclubcern\/wp-content\/uploads\/sites\/882\/2025\/02\/skiclub-parking-cern-300x209.jpeg 300w, https:\/\/www.kananas.com\/skiclubcern\/wp-content\/uploads\/sites\/882\/2025\/02\/skiclub-parking-cern-1024x714.jpeg 1024w, https:\/\/www.kananas.com\/skiclubcern\/wp-content\/uploads\/sites\/882\/2025\/02\/skiclub-parking-cern-768x536.jpeg 768w, https:\/\/www.kananas.com\/skiclubcern\/wp-content\/uploads\/sites\/882\/2025\/02\/skiclub-parking-cern-1536x1071.jpeg 1536w, https:\/\/www.kananas.com\/skiclubcern\/wp-content\/uploads\/sites\/882\/2025\/02\/skiclub-parking-cern.jpeg 1547w\" sizes=\"auto, (max-width: 300px) 100vw, 300px\" \/><\/td>\n<\/tr>\n<tr style=\"height: 72px\">\n<td style=\"width: 8.34403%;height: 72px\">7:10 h<\/td>\n<td style=\"text-align: left;width: 90.7574%;height: 72px\"><strong>PG (Alpin\/Snow): Procter &amp; Gamble parking priv\u00e9<\/strong><br \/>\nParking tr\u00e8s limit\u00e9 disponible \u00e0 l&#8217;int\u00e9rieur du site P&amp;G. Utilisez le transport public ou le covoiturage en priorit\u00e9.<\/td>\n<\/tr>\n<\/tbody>\n<\/table>\n<h2><\/h2>\n<h2><\/h2>\n<h2><\/h2>\n<h2><\/h2>\n<h2><\/h2>\n<h2><\/h2>\n<h2><\/h2>\n<h2><\/h2>\n<h2><\/h2>\n<h2><\/h2>\n<h2><\/h2>\n<h2>Journ\u00e9e type d&#8217;une sortie cours en 13 points<\/h2>\n<ol>\n<li>Pr\u00e9parez votre mat\u00e9riel de ski\/snowboard: skis\/snowboard, b\u00e2tons, chaussures de ski, bonnet, lunettes soleil ou\/et masque de ski, gants, petit sac \u00e0 dos pour le ski toutes neiges.<\/li>\n<li>Rejoignez votre <a href=\"https:\/\/www.google.com\/maps\/d\/viewer?dg=feature&amp;hl=en&amp;msa=0&amp;z=12&amp;ie=UTF8&amp;mid=1lYrgRzKWS3bmRGA-vEhrYUoSfH4\">point de d\u00e9part de bus<\/a>\u00a0<strong>(il reste le m\u00eame pour vos 5 sorties)<\/strong> en <a href=\"http:\/\/www.tpg.ch\/horaires\/rechercher\" target=\"_blank\" rel=\"noopener noreferrer\">tram ou bus<\/a>\u00a0ou en voiture si parking disponible. Arrivez 15-20 minutes avant d\u00e9part.<\/li>\n<li>Montez dans un de nos bus EuropCar <strong>muni de votre carte ID<\/strong> <strong>et Carte Neige<\/strong> (format num\u00e9rique), apr\u00e8s avoir plac\u00e9 vos skis\/snowboard et chaussures de ski en soute.<\/li>\n<li>Ecoutez les instructions qui vous seront donn\u00e9es dans le bus avant l&#8217;arriv\u00e9e en station.<\/li>\n<li>Une fois arriv\u00e9 en station, vous recevez votre forfait de ski avant de sortir du bus.<\/li>\n<li>Chaussez rapidement vos chaussures de ski pour rejoindre votre groupe. Vous pouvez laisser vos affaires dans le bus (sera verrouill\u00e9 jusqu&#8217;\u00e0 la fin de la le\u00e7on, pas d&#8217;acc\u00e8s avant) ou\/et en soute (restera ouvert).<\/li>\n<li>Cherchez votre groupe, observez les panneaux de niveaux 0.0 \u00e0 3.5 dispos\u00e9s \u00e0 proximit\u00e9 des bus.<\/li>\n<li>Contr\u00f4lez avec le moniteur que vous \u00eates dans votre groupe.<\/li>\n<li>Suivez votre moniteur, ne le quittez plus jusqu&#8217;\u00e0 la fin de la journ\u00e9e.<\/li>\n<li>A midi vous ferez une pause repas (\u00e0 votre charge au restaurant avec votre groupe), plus ou moins longue selon la fatigue du groupe.<\/li>\n<li>La journ\u00e9e de cours se poursuit jusqu&#8217;\u00e0 16h45.<\/li>\n<li>Apr\u00e8s avoir rang\u00e9 votre mat\u00e9riel de ski\/snowboard en soute, remontez dans le m\u00eame\u00a0bus et prenez\u00a0la m\u00eame place que vous aviez au d\u00e9part si possible (Ne changez pas de bus au retour).<\/li>\n<li>Les trajets en bus durent en moyenne 1h30 selon le trafic.<\/li>\n<\/ol>\n","protected":false},"excerpt":{"rendered":"<p>English version G\u00e9n\u00e9ralit\u00e9s Le prix d&#8217;inscription comprend le cours de ski ou de snowboard, le transport en bus et le forfait de ski et (si vous \u00eates pas d\u00e9j\u00e0 membre avec carte neige) la cotisation et la carte neige. L&#8217;\u00e9quipement n&#8217;est pas inclus. Soit vous l&#8217;achetez, soit vous louez pour la saison (c.f. ici), il n&#8217;est pas possible (ni \u00e9conomique) de louer pour la journ\u00e9e \u00e0 nos destinations. Les cours sont compos\u00e9s de 5 le\u00e7ons d&#8217;une journ\u00e9e qui auront lieu de d\u00e9but janvier \u00e0 d\u00e9but f\u00e9vrier, sur soit 5 samedis soit 5 dimanches cons\u00e9cutifs. Lors de l&#8217;inscription vous devez choisir votre niveau de comp\u00e9tence ski sur une \u00e9chelle de 0.0 \u00e0 3.5 ski off-piste sur une \u00e9chelle de 3.0tn and 3.5tn snowboard sur une \u00e9chelle de 0.0 \u00e0 3.0. S&#8217;il s&#8217;av\u00e8re que le niveau choisi n&#8217;est pas juste, le moniteur de ski ou de snowboard vous int\u00e9grera dans un groupe qui correspond mieux. Les cours se d\u00e9roulent en groupe de 8 participants, en moyenne, du m\u00eame niveau. Les groupes sont encadr\u00e9s par des moniteurs de ski\/snowboard certifi\u00e9s qui\u00a0suivent une\u00a0formation initiale et continue dispens\u00e9e\u00a0par la FFS. Les moniteurs sont tous des b\u00e9n\u00e9voles. La Carte neige est obligatoire pour la participation aux cours de ski ou de snowboard. Si vous \u00eates inscrits le samedi, vous ne pouvez pas changer pour le dimanche et inversement. Vous pouvez en revanche souscrire pour le samedi et le dimanche Des absences (m\u00eame annonc\u00e9s) ne sont ni compens\u00e9s ni rembours\u00e9s. Dates et d\u00e9stinations 2026 Date Station 10 + 11 Janvier Les Gets 17 + 18 Janvier Saint Gervais 24 + 25 Janvier Les Contamines 31 Janvier + 1 F\u00e9vrier La Clusaz 07 + 08 F\u00e9vrier Avoriaz Points et heures de d\u00e9part de bus GPS coordinates (google) 7:00 h ST. GENIS (NO CARS) (Alpin\/Snow): Lyc\u00e9e International St. Genis (France) Parking de bus entre le Lyc\u00e9gemoe et le centre aquatique \u2014 parking public limit\u00e9 le dimanche, pas disponible le samedi. 7:00 h COLLEGE JORAN (Alpin\/Snow): Pr\u00e9vessin-Mo\u00ebns, Coll\u00e8ge le Joran Parking public disponible. 7:10 h TRAM CERN (NO CARS) (Alpin\/Snow): Globe du CERN Parking de bus \u00e0 c\u00f4t\u00e9 du Globe, proche de l&#8217;arr\u00eat CERN du tram 18. Suivre le chemin entre Globe et Science Gateway pendant environ 100 m, puis le parking des bus se trouve sur la droite. Pas de parking disponible. https:\/\/visit.cern\/fr\/getting-here 7:10 h PG (Alpin\/Snow): Procter &amp; Gamble parking priv\u00e9 Parking tr\u00e8s limit\u00e9 disponible \u00e0 l&#8217;int\u00e9rieur du site P&amp;G. Utilisez le transport public ou le covoiturage en priorit\u00e9. Journ\u00e9e type d&#8217;une sortie cours en 13 points Pr\u00e9parez votre mat\u00e9riel de ski\/snowboard: skis\/snowboard, b\u00e2tons, chaussures de ski, bonnet, lunettes soleil ou\/et masque de ski, gants, petit sac \u00e0 dos pour le ski toutes neiges. Rejoignez votre point de d\u00e9part de bus\u00a0(il reste le m\u00eame pour vos 5 sorties) en tram ou bus\u00a0ou en voiture si parking disponible. Arrivez 15-20 minutes avant d\u00e9part. Montez dans un de nos bus EuropCar muni de votre carte ID et Carte Neige (format num\u00e9rique), apr\u00e8s avoir plac\u00e9 vos skis\/snowboard et chaussures de ski en soute. Ecoutez les instructions qui vous seront donn\u00e9es dans le bus avant l&#8217;arriv\u00e9e en station. Une fois arriv\u00e9 en station, vous recevez votre forfait de ski avant de sortir du bus. Chaussez rapidement vos chaussures de ski pour rejoindre votre groupe. Vous pouvez laisser vos affaires dans le bus (sera verrouill\u00e9 jusqu&#8217;\u00e0 la fin de la le\u00e7on, pas d&#8217;acc\u00e8s avant) ou\/et en soute (restera ouvert). Cherchez votre groupe, observez les panneaux de niveaux 0.0 \u00e0 3.5 dispos\u00e9s \u00e0 proximit\u00e9 des bus. Contr\u00f4lez avec le moniteur que vous \u00eates dans votre groupe. Suivez votre moniteur, ne le quittez plus jusqu&#8217;\u00e0 la fin de la journ\u00e9e. A midi vous ferez une pause repas (\u00e0 votre charge au restaurant avec votre groupe), plus ou moins longue selon la fatigue du groupe. La journ\u00e9e de cours se poursuit jusqu&#8217;\u00e0 16h45. Apr\u00e8s avoir rang\u00e9 votre mat\u00e9riel de ski\/snowboard en soute, remontez dans le m\u00eame\u00a0bus et prenez\u00a0la m\u00eame place que vous aviez au d\u00e9part si possible (Ne changez pas de bus au retour). Les trajets en bus durent en moyenne 1h30 selon le trafic.<\/p>\n","protected":false},"author":911,"featured_media":0,"parent":60,"menu_order":0,"comment_status":"closed","ping_status":"closed","template":"","meta":{"_crdt_document":"","footnotes":""},"class_list":["post-63","page","type-page","status-publish","hentry"],"_links":{"self":[{"href":"https:\/\/www.kananas.com\/skiclubcern\/wp-json\/wp\/v2\/pages\/63","targetHints":{"allow":["GET"]}}],"collection":[{"href":"https:\/\/www.kananas.com\/skiclubcern\/wp-json\/wp\/v2\/pages"}],"about":[{"href":"https:\/\/www.kananas.com\/skiclubcern\/wp-json\/wp\/v2\/types\/page"}],"author":[{"embeddable":true,"href":"https:\/\/www.kananas.com\/skiclubcern\/wp-json\/wp\/v2\/users\/911"}],"replies":[{"embeddable":true,"href":"https:\/\/www.kananas.com\/skiclubcern\/wp-json\/wp\/v2\/comments?post=63"}],"version-history":[{"count":10,"href":"https:\/\/www.kananas.com\/skiclubcern\/wp-json\/wp\/v2\/pages\/63\/revisions"}],"predecessor-version":[{"id":3613,"href":"https:\/\/www.kananas.com\/skiclubcern\/wp-json\/wp\/v2\/pages\/63\/revisions\/3613"}],"up":[{"embeddable":true,"href":"https:\/\/www.kananas.com\/skiclubcern\/wp-json\/wp\/v2\/pages\/60"}],"wp:attachment":[{"href":"https:\/\/www.kananas.com\/skiclubcern\/wp-json\/wp\/v2\/media?parent=63"}],"curies":[{"name":"wp","href":"https:\/\/api.w.org\/{rel}","templated":true}]}}