{"id":81,"date":"2023-10-31T08:10:27","date_gmt":"2023-10-31T07:10:27","guid":{"rendered":"http:\/\/www.kananas.com\/skiclubducern3300\/?page_id=81"},"modified":"2025-12-15T10:22:22","modified_gmt":"2025-12-15T09:22:22","slug":"comite","status":"publish","type":"page","link":"https:\/\/www.kananas.com\/skiclubcern\/leclub\/comite\/","title":{"rendered":"Comit\u00e9"},"content":{"rendered":"<table style=\"width: 98.5745%;height: 764px\" width=\"60%\" cellspacing=\"5\">\n<tbody>\n<tr style=\"height: 24px\">\n<th style=\"width: 41.206%;text-align: left;height: 24px\">\n<div align=\"left\">R\u00f4le, responsabilit\u00e9 ou fonction<\/div>\n<\/th>\n<th style=\"width: 21.7755%;height: 24px\">\n<div align=\"center\">Nom<\/div>\n<\/th>\n<th style=\"width: 42.6276%;height: 24px\">\n<div align=\"right\">Role, responsibility or function<\/div>\n<\/th>\n<\/tr>\n<tr style=\"height: 24px\">\n<td style=\"width: 41.206%;background-color: #c0c0c0;text-align: left;height: 24px\"><span style=\"color: #333399;font-weight: bold\">Bureau<\/span><\/td>\n<td style=\"width: 21.7755%;background-color: #c0c0c0;height: 24px\"><\/td>\n<td style=\"width: 42.6276%;background-color: #c0c0c0;height: 24px\">\n<div align=\"right\"><span style=\"color: #333399;font-weight: bold\"><b>Office<\/b><\/span><\/div>\n<\/td>\n<\/tr>\n<tr style=\"height: 24px\">\n<td style=\"width: 41.206%;text-align: left;height: 24px\">Pr\u00e9sident<\/td>\n<td style=\"width: 21.7755%;height: 24px\">\n<div align=\"center\">Enrique Blanco<\/div>\n<\/td>\n<td style=\"width: 42.6276%;height: 24px\">\n<div align=\"right\">President<\/div>\n<\/td>\n<\/tr>\n<tr style=\"height: 24px\">\n<td style=\"width: 41.206%;text-align: left;height: 24px\">Vice-Pr\u00e9sident<\/td>\n<td style=\"width: 21.7755%;height: 24px\">\n<div align=\"center\">Max Ruffo<\/div>\n<\/td>\n<td style=\"width: 42.6276%;height: 24px\">\n<div align=\"right\">Vice President<\/div>\n<\/td>\n<\/tr>\n<tr style=\"height: 24px\">\n<td style=\"width: 41.206%;text-align: left;height: 24px\">Secr\u00e9taire<\/td>\n<td style=\"width: 21.7755%;height: 24px\">\n<div align=\"center\">Margherita Boselli<\/div>\n<\/td>\n<td style=\"width: 42.6276%;height: 24px\">\n<div align=\"right\">Secretary<\/div>\n<\/td>\n<\/tr>\n<tr style=\"height: 24px\">\n<td style=\"width: 41.206%;text-align: left;height: 24px\">Tr\u00e9sorier<\/td>\n<td style=\"width: 21.7755%;height: 24px\">\n<div align=\"center\">Duc Bao Ta<\/div>\n<\/td>\n<td style=\"width: 42.6276%;height: 24px\">\n<div align=\"right\">Treasurer<\/div>\n<\/td>\n<\/tr>\n<tr style=\"height: 24px\">\n<td style=\"width: 41.206%;text-align: left;height: 24px\">Vice-Tr\u00e9sorier<\/td>\n<td style=\"width: 21.7755%;height: 24px\">\n<div align=\"center\">Katharina Borsig<\/div>\n<\/td>\n<td style=\"width: 42.6276%;height: 24px\">\n<div align=\"right\">Vice Treasurer<\/div>\n<\/td>\n<\/tr>\n<tr style=\"height: 24px\">\n<td style=\"width: 41.206%;background-color: #c0c0c0;text-align: left;height: 24px\"><span style=\"color: #333399;font-weight: bold\"><b>Responsables de section<\/b><\/span><\/td>\n<td style=\"width: 21.7755%;background-color: #c0c0c0;height: 24px\"><\/td>\n<td style=\"width: 42.6276%;background-color: #c0c0c0;height: 24px\">\n<div align=\"right\"><span style=\"color: #333399;font-weight: bold\"><b>Section leaders<br \/>\n<\/b><\/span><\/div>\n<\/td>\n<\/tr>\n<tr style=\"height: 24px\">\n<td style=\"width: 41.206%;text-align: left;height: 24px\">Ski Alpin<\/td>\n<td style=\"width: 21.7755%;height: 24px\">\n<div align=\"center\">Niels Madsen<\/div>\n<\/td>\n<td style=\"width: 42.6276%;height: 24px\">\n<div align=\"right\">Downhill skiing<\/div>\n<\/td>\n<\/tr>\n<tr style=\"height: 24px\">\n<td style=\"width: 41.206%;text-align: left;height: 24px\">Snowboard<\/td>\n<td style=\"width: 21.7755%;height: 24px\">\n<div align=\"center\">Jonatan Laland<\/div>\n<\/td>\n<td style=\"width: 42.6276%;height: 24px\">\n<div align=\"right\">Snowboard<\/div>\n<\/td>\n<\/tr>\n<tr style=\"height: 24px\">\n<td style=\"width: 41.206%;text-align: left;height: 24px\">Ski de fond<\/td>\n<td style=\"width: 21.7755%;height: 24px\">\n<div align=\"center\">Florence Dambricourt<\/div>\n<\/td>\n<td style=\"width: 42.6276%;height: 24px\">\n<div align=\"right\">Cross country skiing<\/div>\n<\/td>\n<\/tr>\n<tr style=\"height: 24px\">\n<td style=\"width: 41.206%;text-align: left;height: 24px\">Ski de randonn\u00e9e<\/td>\n<td style=\"width: 21.7755%;text-align: center;height: 24px\">Oriol Rios<\/td>\n<td style=\"width: 42.6276%;height: 24px\">\n<div align=\"right\">Ski touring<\/div>\n<\/td>\n<\/tr>\n<tr style=\"height: 48px\">\n<td style=\"width: 41.206%;text-align: left;height: 24px\">Gymnastique de ski<\/td>\n<td style=\"width: 21.7755%;height: 24px\">\n<div align=\"center\">Margherita Boselli<\/div>\n<\/td>\n<td style=\"width: 42.6276%;height: 24px\">\n<div align=\"right\">Ski gym<\/div>\n<\/td>\n<\/tr>\n<tr style=\"height: 24px\">\n<td style=\"width: 41.206%;background-color: #c0c0c0;text-align: left;height: 24px\"><span style=\"color: #333399;font-weight: bold\"><b>Autres fonctions<\/b><\/span><\/td>\n<td style=\"width: 21.7755%;background-color: #c0c0c0;height: 24px\"><\/td>\n<td style=\"width: 42.6276%;background-color: #c0c0c0;height: 24px\">\n<div align=\"right\"><span style=\"color: #333399;font-weight: bold\"><b>Other functions<\/b><\/span><\/div>\n<\/td>\n<\/tr>\n<tr style=\"height: 48px\">\n<td style=\"width: 41.206%;text-align: left;height: 48px\">Responsable web &amp; communication<\/td>\n<td style=\"width: 21.7755%;height: 48px;text-align: center\">Giulia Tenasini<\/td>\n<td style=\"width: 42.6276%;height: 48px\">\n<div align=\"right\">Communication &amp; web responsible<\/div>\n<\/td>\n<\/tr>\n<tr style=\"height: 48px\">\n<td style=\"width: 41.206%;text-align: left;height: 48px\">Responsable Kananas\/base de donn\u00e9es<\/td>\n<td style=\"width: 21.7755%;height: 48px\">\n<div align=\"center\">Jimmy Majed<\/div>\n<\/td>\n<td style=\"width: 42.6276%;height: 48px\">\n<div align=\"right\">Kananas and data base responsible<\/div>\n<\/td>\n<\/tr>\n<tr style=\"height: 48px\">\n<td style=\"width: 41.206%;text-align: left;height: 48px\">Responsable Bus<br \/>\nLogistique<\/td>\n<td style=\"width: 21.7755%;height: 48px;text-align: center\">Gerjan Bobbink<\/td>\n<td style=\"width: 42.6276%;height: 48px\">\n<div align=\"right\">Bus coordinator<br \/>\nLogistics<\/div>\n<\/td>\n<\/tr>\n<tr style=\"height: 72px\">\n<td style=\"width: 41.206%;text-align: left;height: 72px\">Responsable permanence<\/td>\n<td style=\"width: 21.7755%;height: 72px\">\n<div align=\"center\">Giuseppe Mugnai<\/div>\n<\/td>\n<td style=\"width: 42.6276%;height: 72px\">\n<div align=\"right\">Permanence coordinator<\/div>\n<\/td>\n<\/tr>\n<tr style=\"height: 48px\">\n<td style=\"width: 41.206%;text-align: left;height: 48px\">Contact stations<\/td>\n<td style=\"width: 21.7755%;height: 48px\">\n<div align=\"center\"><span style=\"color: #000000\">Giuseppe Mugnai<\/span><\/div>\n<\/td>\n<td style=\"width: 42.6276%;height: 48px\">\n<div align=\"right\">Resorts contact<\/div>\n<\/td>\n<\/tr>\n<tr style=\"height: 24px\">\n<td style=\"width: 41.206%;text-align: left;height: 24px\">Contact FFS<\/td>\n<td style=\"width: 21.7755%;height: 24px\">\n<div align=\"center\">Victoria Walker<\/div>\n<\/td>\n<td style=\"width: 42.6276%;height: 24px\">\n<div align=\"right\">FFS contact<\/div>\n<\/td>\n<\/tr>\n<tr style=\"height: 48px\">\n<td style=\"width: 41.206%;text-align: left;height: 48px\">Activit\u00e9s sociales<\/td>\n<td style=\"width: 21.7755%;height: 48px\">\n<div align=\"center\">Elisabet Ruiz<\/div>\n<\/td>\n<td style=\"width: 42.6276%;height: 48px\">\n<div align=\"right\">Social activities<\/div>\n<\/td>\n<\/tr>\n<tr style=\"height: 24px\">\n<td style=\"width: 41.206%;text-align: left;height: 24px\">Partenariats et parrainage<\/td>\n<td style=\"width: 21.7755%;height: 24px\">\n<div align=\"center\">Max Ruffo<\/div>\n<\/td>\n<td style=\"width: 42.6276%;height: 24px\">\n<div align=\"right\">Partnerships &amp; Sponsorships<\/div>\n<\/td>\n<\/tr>\n<tr style=\"height: 48px\">\n<td style=\"width: 41.206%;text-align: left;height: 48px\">Coordinateur de formation<\/td>\n<td style=\"width: 21.7755%;height: 48px;text-align: center\">Victoria Walker<\/td>\n<td style=\"width: 42.6276%;height: 48px\">\n<div align=\"right\">Training Coordinator<\/div>\n<\/td>\n<\/tr>\n<tr style=\"height: 20px\">\n<td style=\"width: 41.206%;text-align: left;height: 20px\">Entretien des skis<\/td>\n<td style=\"width: 21.7755%;height: 20px\">\n<div align=\"center\"><span style=\"color: #000000\">Max Ruffo<\/span><\/div>\n<div align=\"center\"><span style=\"color: #ff6600\">*<span style=\"color: #000000\">Valerio Nappi<\/span><\/span><\/div>\n<\/td>\n<td style=\"width: 42.6276%;height: 20px\">\n<div align=\"right\">Ski maintenance lab<\/div>\n<\/td>\n<\/tr>\n<\/tbody>\n<\/table>\n<p><span style=\"color: #ff6600\">*<\/span>Non committee member helping on the organisation.<\/p>\n<p>New members 2025:<\/p>\n<ul>\n<li>Giuseppe Mugnai<\/li>\n<li>Margherita Boselli<\/li>\n<li>Katharina Borsig<\/li>\n<li>Giulia Tenasini<\/li>\n<\/ul>\n","protected":false},"excerpt":{"rendered":"<p>R\u00f4le, responsabilit\u00e9 ou fonction Nom Role, responsibility or function Bureau Office Pr\u00e9sident Enrique Blanco President Vice-Pr\u00e9sident Max Ruffo Vice President Secr\u00e9taire Margherita Boselli Secretary Tr\u00e9sorier Duc Bao Ta Treasurer Vice-Tr\u00e9sorier Katharina Borsig Vice Treasurer Responsables de section Section leaders Ski Alpin Niels Madsen Downhill skiing Snowboard Jonatan Laland Snowboard Ski de fond Florence Dambricourt Cross country skiing Ski de randonn\u00e9e Oriol Rios Ski touring Gymnastique de ski Margherita Boselli Ski gym Autres fonctions Other functions Responsable web &amp; communication Giulia Tenasini Communication &amp; web responsible Responsable Kananas\/base de donn\u00e9es Jimmy Majed Kananas and data base responsible Responsable Bus Logistique Gerjan Bobbink Bus coordinator Logistics Responsable permanence Giuseppe Mugnai Permanence coordinator Contact stations Giuseppe Mugnai Resorts contact Contact FFS Victoria Walker FFS contact Activit\u00e9s sociales Elisabet Ruiz Social activities Partenariats et parrainage Max Ruffo Partnerships &amp; Sponsorships Coordinateur de formation Victoria Walker Training Coordinator Entretien des skis Max Ruffo *Valerio Nappi Ski maintenance lab *Non committee member helping on the organisation. New members 2025: Giuseppe Mugnai Margherita Boselli Katharina Borsig Giulia Tenasini<\/p>\n","protected":false},"author":911,"featured_media":0,"parent":2,"menu_order":0,"comment_status":"closed","ping_status":"closed","template":"","meta":{"_crdt_document":"","footnotes":""},"class_list":["post-81","page","type-page","status-publish","hentry"],"_links":{"self":[{"href":"https:\/\/www.kananas.com\/skiclubcern\/wp-json\/wp\/v2\/pages\/81","targetHints":{"allow":["GET"]}}],"collection":[{"href":"https:\/\/www.kananas.com\/skiclubcern\/wp-json\/wp\/v2\/pages"}],"about":[{"href":"https:\/\/www.kananas.com\/skiclubcern\/wp-json\/wp\/v2\/types\/page"}],"author":[{"embeddable":true,"href":"https:\/\/www.kananas.com\/skiclubcern\/wp-json\/wp\/v2\/users\/911"}],"replies":[{"embeddable":true,"href":"https:\/\/www.kananas.com\/skiclubcern\/wp-json\/wp\/v2\/comments?post=81"}],"version-history":[{"count":9,"href":"https:\/\/www.kananas.com\/skiclubcern\/wp-json\/wp\/v2\/pages\/81\/revisions"}],"predecessor-version":[{"id":3622,"href":"https:\/\/www.kananas.com\/skiclubcern\/wp-json\/wp\/v2\/pages\/81\/revisions\/3622"}],"up":[{"embeddable":true,"href":"https:\/\/www.kananas.com\/skiclubcern\/wp-json\/wp\/v2\/pages\/2"}],"wp:attachment":[{"href":"https:\/\/www.kananas.com\/skiclubcern\/wp-json\/wp\/v2\/media?parent=81"}],"curies":[{"name":"wp","href":"https:\/\/api.w.org\/{rel}","templated":true}]}}