{"id":2,"date":"2018-05-29T14:52:16","date_gmt":"2018-05-29T12:52:16","guid":{"rendered":"http:\/\/www.kananas.com\/stademaursois3470\/?page_id=2"},"modified":"2018-08-16T16:26:26","modified_gmt":"2018-08-16T14:26:26","slug":"edr","status":"publish","type":"page","link":"https:\/\/www.kananas.com\/stademaursois3470\/edr\/","title":{"rendered":"EDR"},"content":{"rendered":"<p align=\"JUSTIFY\"><span style=\"color: #000000;font-family: comic sans ms\">L&rsquo;\u00e9cole de rugby compte pr\u00e8s de 100 licenci\u00e9s r\u00e9partis en 5 cat\u00e9gories. Cr\u00e9\u00e9e sous sa forme actuelle par Hubert Br\u00e9chet et Herv\u00e9 Brayat, elle alimente r\u00e9guli\u00e8rement\u00a0depuis quelques ann\u00e9es les effectifs de cadets et juniors.<\/span><\/p>\n<p align=\"JUSTIFY\"><span style=\"color: #000000;font-family: comic sans ms\">C&rsquo;est autour d&rsquo;Yves Masbou, le responsable, que l&rsquo;\u00e9quipe d&rsquo;\u00e9ducateurs travaille tous les samedi apr\u00e8s-midi, dans le but de pr\u00e9parer ces jeunes joueurs \u00e0 prendre la rel\u00e8ve en \u00e9quipes seniors.<\/span><\/p>\n<p align=\"JUSTIFY\"><span style=\"color: #000000;font-family: comic sans ms\">De nombreux b\u00e9n\u00e9voles s&rsquo;investissent sans compter pour faire partager leur amour de rugby et initier leurs \u00e9l\u00e8ves aux geste justes et participent ainsi au bon fonctionnement de cette \u00e9cole.<\/span><\/p>\n<p align=\"JUSTIFY\"><span style=\"color: #000000;font-family: comic sans ms\">L&rsquo;\u00e9cole de rugby est labellis\u00e9e depuis octobre 2007 ; la labellisation\u00a0a \u00e9t\u00e9\u00a0renouvel\u00e9e en octobre 2013.<\/span><\/p>\n<p align=\"JUSTIFY\"><img loading=\"lazy\" decoding=\"async\" class=\"aligncenter\" src=\"http:\/\/www.stade-maursois-rugby.fr\/uploaded\/noa-l-a-cole-de-rugby-maurs-2014.jpg\" width=\"598\" height=\"398\" \/><\/p>\n","protected":false},"excerpt":{"rendered":"<p>L&rsquo;\u00e9cole de rugby compte pr\u00e8s de 100 licenci\u00e9s r\u00e9partis en 5 cat\u00e9gories. Cr\u00e9\u00e9e sous sa forme actuelle par Hubert Br\u00e9chet et Herv\u00e9 Brayat, elle alimente r\u00e9guli\u00e8rement\u00a0depuis quelques ann\u00e9es les effectifs de cadets et juniors. C&rsquo;est autour d&rsquo;Yves Masbou, le responsable, &hellip; <a href=\"https:\/\/www.kananas.com\/stademaursois3470\/edr\/\">Continuer la lecture <span class=\"meta-nav\">&rarr;<\/span><\/a><\/p>\n","protected":false},"author":987,"featured_media":0,"parent":0,"menu_order":0,"comment_status":"closed","ping_status":"closed","template":"","meta":{"_crdt_document":"","footnotes":""},"class_list":["post-2","page","type-page","status-publish","hentry"],"_links":{"self":[{"href":"https:\/\/www.kananas.com\/stademaursois3470\/wp-json\/wp\/v2\/pages\/2","targetHints":{"allow":["GET"]}}],"collection":[{"href":"https:\/\/www.kananas.com\/stademaursois3470\/wp-json\/wp\/v2\/pages"}],"about":[{"href":"https:\/\/www.kananas.com\/stademaursois3470\/wp-json\/wp\/v2\/types\/page"}],"author":[{"embeddable":true,"href":"https:\/\/www.kananas.com\/stademaursois3470\/wp-json\/wp\/v2\/users\/987"}],"replies":[{"embeddable":true,"href":"https:\/\/www.kananas.com\/stademaursois3470\/wp-json\/wp\/v2\/comments?post=2"}],"version-history":[{"count":4,"href":"https:\/\/www.kananas.com\/stademaursois3470\/wp-json\/wp\/v2\/pages\/2\/revisions"}],"predecessor-version":[{"id":38,"href":"https:\/\/www.kananas.com\/stademaursois3470\/wp-json\/wp\/v2\/pages\/2\/revisions\/38"}],"wp:attachment":[{"href":"https:\/\/www.kananas.com\/stademaursois3470\/wp-json\/wp\/v2\/media?parent=2"}],"curies":[{"name":"wp","href":"https:\/\/api.w.org\/{rel}","templated":true}]}}