{"id":2449,"date":"2022-01-28T19:53:02","date_gmt":"2022-01-28T18:53:02","guid":{"rendered":"http:\/\/www.kananas.com\/uplegess\/?page_id=2449"},"modified":"2022-06-08T12:32:52","modified_gmt":"2022-06-08T10:32:52","slug":"2021-2022-journees","status":"publish","type":"page","link":"https:\/\/www.kananas.com\/uplegess\/2021-2022-journees\/","title":{"rendered":"2021-2022 &#8211; Journ\u00e9es d&rsquo;\u00e9tude"},"content":{"rendered":"<p><strong>Jeudi 31 mars 2022 \u00e0 l\u2019INSA Lyon<\/strong><\/p>\n<p>Demi-journ\u00e9e de lancement du groupe de travail Langues MoDimes<\/p>\n<ul>\n<li><strong><a href=\"https:\/\/www.kananas.com\/uplegess\/wp-content\/uploads\/sites\/992\/2022\/06\/CR-du-31-langues-MoDimes-VR-1.pdf\" target=\"_blank\" rel=\"noopener\">CR du 31\/03 langues MoDimes (VR)<\/a><\/strong><\/li>\n<li>T\u00e9l\u00e9charger le\u00a0<a href=\"http:\/\/www.kananas.com\/uplegess\/wp-content\/uploads\/sites\/992\/2022\/01\/PROGRAMME-LANGUES-MODIMES-1.pdf\"><strong>PROGRAMME LANGUES MODIMES<\/strong><\/a><\/li>\n<li><a href=\"http:\/\/www.kananas.com\/uplegess\/2022\/01\/20\/2400\/\"><strong>En savoir plus (article blog)\u00a0<\/strong><\/a>ou voir ci-dessous.<\/li>\n<\/ul>\n<blockquote><p><strong>Quelle importance des langues MoDimes \u2013 langues moins diffus\u00e9es et moins enseign\u00e9es*- dans la formation de l\u2019ing\u00e9nieur humaniste ?<\/strong><\/p><\/blockquote>\n<hr \/>\n<p><strong>Jeudi 14 avril 2022 \u00e0 l\u2019Ecole des Ponts ParisTech<\/strong><\/p>\n<ul>\n<li>Demi-journ\u00e9e d\u2019\u00e9tudes du groupe de travail Langues de la commission Formation de la Conf\u00e9rence des Grandes Ecoles (CGE)<\/li>\n<\/ul>\n<blockquote><p><strong>L\u2019\u00e9valuation dans tous ses \u00e9tats : Bilan d\u2019exp\u00e9riences \u00e9valuatives et approche par comp\u00e9tences<\/strong><\/p><\/blockquote>\n<ul>\n<li><a href=\"http:\/\/www.kananas.com\/uplegess\/wp-content\/uploads\/sites\/992\/2022\/01\/VF_journee-CGE_Presentation-14-avril-2022.docx\"><strong>En savoir plus<\/strong><\/a>\u00a0(t\u00e9l\u00e9charger .doc)<\/li>\n<li><strong><a href=\"https:\/\/www.helloasso.com\/associations\/union-des-professeurs-de-langues-etrangeres-des-grandes-ecoles-et-des-etablissements-superieurs-scientifiques\/evenements\/demie-journee-d-etudes-du-groupe-de-travail-langues-de-la-commission-formation\">Inscription<\/a><\/strong><\/li>\n<\/ul>\n","protected":false},"excerpt":{"rendered":"<p>Jeudi 31 mars 2022 \u00e0 l\u2019INSA Lyon Demi-journ\u00e9e de lancement du groupe de travail Langues MoDimes CR du 31\/03 langues MoDimes (VR) T\u00e9l\u00e9charger le\u00a0PROGRAMME LANGUES MODIMES En savoir plus (article blog)\u00a0ou voir ci-dessous. Quelle importance des langues MoDimes \u2013 langues moins diffus\u00e9es et moins enseign\u00e9es*- dans la formation de l\u2019ing\u00e9nieur humaniste ? Jeudi 14 avril 2022 \u00e0 l\u2019Ecole des Ponts<\/p>\n","protected":false},"author":1147,"featured_media":0,"parent":0,"menu_order":0,"comment_status":"closed","ping_status":"closed","template":"","meta":{"_crdt_document":"","footnotes":""},"class_list":["post-2449","page","type-page","status-publish","hentry"],"_links":{"self":[{"href":"https:\/\/www.kananas.com\/uplegess\/wp-json\/wp\/v2\/pages\/2449","targetHints":{"allow":["GET"]}}],"collection":[{"href":"https:\/\/www.kananas.com\/uplegess\/wp-json\/wp\/v2\/pages"}],"about":[{"href":"https:\/\/www.kananas.com\/uplegess\/wp-json\/wp\/v2\/types\/page"}],"author":[{"embeddable":true,"href":"https:\/\/www.kananas.com\/uplegess\/wp-json\/wp\/v2\/users\/1147"}],"replies":[{"embeddable":true,"href":"https:\/\/www.kananas.com\/uplegess\/wp-json\/wp\/v2\/comments?post=2449"}],"version-history":[{"count":7,"href":"https:\/\/www.kananas.com\/uplegess\/wp-json\/wp\/v2\/pages\/2449\/revisions"}],"predecessor-version":[{"id":2768,"href":"https:\/\/www.kananas.com\/uplegess\/wp-json\/wp\/v2\/pages\/2449\/revisions\/2768"}],"wp:attachment":[{"href":"https:\/\/www.kananas.com\/uplegess\/wp-json\/wp\/v2\/media?parent=2449"}],"curies":[{"name":"wp","href":"https:\/\/api.w.org\/{rel}","templated":true}]}}

2021-2022 &#8211; Journées d&rsquo;étude

<p><strong>Jeudi 31 mars 2022 à l’INSA Lyon</strong></p>
<p>Demi-journée de lancement du groupe de travail Langues MoDimes</p>
<ul>
<li><strong><a href="https://www.kananas.com/uplegess/wp-content/uploads/sites/992/2022/06/CR-du-31-langues-MoDimes-VR-1.pdf" target="_blank" rel="noopener">CR du 31/03 langues MoDimes (VR)</a></strong></li>
<li>Télécharger le <a href="http://www.kananas.com/uplegess/wp-content/uploads/sites/992/2022/01/PROGRAMME-LANGUES-MODIMES-1.pdf"><strong>PROGRAMME LANGUES MODIMES</strong></a></li>
<li><a href="http://www.kananas.com/uplegess/2022/01/20/2400/"><strong>En savoir plus (article blog) </strong></a>ou voir ci-dessous.</li>
</ul>
<blockquote><p><strong>Quelle importance des langues MoDimes – langues moins diffusées et moins enseignées*- dans la formation de l’ingénieur humaniste ?</strong></p></blockquote>
<hr />
<p><strong>Jeudi 14 avril 2022 à l’Ecole des Ponts ParisTech</strong></p>
<ul>
<li>Demi-journée d’études du groupe de travail Langues de la commission Formation de la Conférence des Grandes Ecoles (CGE)</li>
</ul>
<blockquote><p><strong>L’évaluation dans tous ses états : Bilan d’expériences évaluatives et approche par compétences</strong></p></blockquote>
<ul>
<li><a href="http://www.kananas.com/uplegess/wp-content/uploads/sites/992/2022/01/VF_journee-CGE_Presentation-14-avril-2022.docx"><strong>En savoir plus</strong></a> (télécharger .doc)</li>
<li><strong><a href="https://www.helloasso.com/associations/union-des-professeurs-de-langues-etrangeres-des-grandes-ecoles-et-des-etablissements-superieurs-scientifiques/evenements/demie-journee-d-etudes-du-groupe-de-travail-langues-de-la-commission-formation">Inscription</a></strong></li>
</ul>

<p>Jeudi 31 mars 2022 à l’INSA Lyon Demi-journée de lancement du groupe de travail Langues MoDimes CR du 31/03 langues MoDimes (VR) Télécharger le PROGRAMME LANGUES MODIMES En savoir plus (article blog) ou voir ci-dessous. Quelle importance des langues MoDimes – langues moins diffusées et moins enseignées*- dans la formation de l’ingénieur humaniste ? Jeudi 14 avril 2022 à l’Ecole des Ponts</p>
