{"id":2545,"date":"2022-04-04T17:33:55","date_gmt":"2022-04-04T15:33:55","guid":{"rendered":"http:\/\/www.kananas.com\/uplegess\/?page_id=2545"},"modified":"2024-01-15T19:32:13","modified_gmt":"2024-01-15T18:32:13","slug":"presentation-du-gt-espagnol","status":"publish","type":"page","link":"https:\/\/www.kananas.com\/uplegess\/presentation-du-gt-espagnol\/","title":{"rendered":"GT Espagnol"},"content":{"rendered":"<h4><strong><span style=\"color: #33cccc\">27 de enero de 2024 de 9:00 a 17:00 en la escuela Paris School of Business.<\/span><\/strong><\/h4>\n<h3><strong>Tema: \u00ab\u00a0SABER SER EN CLASE DE ESPA\u00d1OL: EMPAT\u00cdA, EMOCIONES, CREATIVIDAD Y \u00c9TICA\u00a0\u00bb<\/strong><\/h3>\n<p><span style=\"font-size: 14pt\"><strong>Animadora: Elizabeth Gonzalez<\/strong><\/span><\/p>\n<blockquote><p><em>Esta jornada se presenta como una oportunidad para enriquecer tu pr\u00e1ctica docente, aportando nuestros valores en un entorno marcado por la presencia de la Inteligencia Artificial. Durante la jornada descubrir\u00e1s c\u00f3mo potenciar tu impacto en el clase.<\/em><\/p><\/blockquote>\n<h4>PROGRAMA:<\/h4>\n<h5>Ma\u00f1ana:<\/h5>\n<ul>\n<li>Breve introducci\u00f3n te\u00f3rica sobre las neurociencias afectivas y sociales.<\/li>\n<li>Puesta en pr\u00e1ctica de estrategias para conocerse a s\u00ed mismo como ser humano y profesor, utilizando el <em>Profil 4colors<\/em> para identificar estilos de personalidad y pr\u00e1cticas pedag\u00f3gicas.<\/li>\n<li>Presentaci\u00f3n de la aplicaci\u00f3n del enfoque: una sesi\u00f3n con \u00ab\u00a0SABER SER\u00a0\u00bb en un curso de espa\u00f1ol<\/li>\n<\/ul>\n<h5>Tarde:<\/h5>\n<ul>\n<li>Trabajo en grupo para crear una sesi\u00f3n con \u00ab\u00a0SABER SER\u00a0\u00bb a partir de propuestas dadas por la formadora.<\/li>\n<li>Intercambio de experiencias.<\/li>\n<li>Conclusiones y reflexiones finales.<\/li>\n<\/ul>\n<blockquote><p><em>Tu presencia y contribuci\u00f3n ser\u00e1n valiosas para el \u00e9xito de este evento.<\/em><\/p><\/blockquote>\n<ul>\n<li>Para inscribirte, <a href=\"https:\/\/www.helloasso.com\/associations\/union-des-professeurs-de-langues-etrangeres-des-grandes-ecoles-et-des-etablissements-superieurs-scientifiques\/evenements\/saber-ser-en-clase-de-espanol-empatia-emociones-creatividad-y-etica\" target=\"_blank\" rel=\"noopener\">haz clic<\/a><\/li>\n<li><a href=\"https:\/\/www.helloasso.com\/associations\/union-des-professeurs-de-langues-etrangeres-des-grandes-ecoles-et-des-etablissements-superieurs-scientifiques\/evenements\/congres-anniversaire-des-50-ans-de-l-uplegess\" target=\"_blank\" rel=\"noopener\">Congr\u00e8s<\/a><\/li>\n<li><a href=\"https:\/\/www.helloasso.com\/associations\/union-des-professeurs-de-langues-etrangeres-des-grandes-ecoles-et-des-etablissements-superieurs-scientifiques\/adhesions\/adhesion-individuelle-2024\" target=\"_blank\" rel=\"noopener\">Adh\u00e9sion individuelle<\/a><\/li>\n<li><a href=\"https:\/\/www.helloasso.com\/associations\/union-des-professeurs-de-langues-etrangeres-des-grandes-ecoles-et-des-etablissements-superieurs-scientifiques\/adhesions\/adhesion-institutionnelle-2024\" target=\"_blank\" rel=\"noopener\">Adh\u00e9sion institutionnelle<\/a><\/li>\n<\/ul>\n","protected":false},"excerpt":{"rendered":"<p>27 de enero de 2024 de 9:00 a 17:00 en la escuela Paris School of Business. Tema: \u00ab\u00a0SABER SER EN CLASE DE ESPA\u00d1OL: EMPAT\u00cdA, EMOCIONES, CREATIVIDAD Y \u00c9TICA\u00a0\u00bb Animadora: Elizabeth Gonzalez Esta jornada se presenta como una oportunidad para enriquecer tu pr\u00e1ctica docente, aportando nuestros valores en un entorno marcado por la presencia de la Inteligencia Artificial. Durante la jornada<\/p>\n","protected":false},"author":1147,"featured_media":0,"parent":0,"menu_order":0,"comment_status":"closed","ping_status":"closed","template":"","meta":{"_crdt_document":"","footnotes":""},"class_list":["post-2545","page","type-page","status-publish","hentry"],"_links":{"self":[{"href":"https:\/\/www.kananas.com\/uplegess\/wp-json\/wp\/v2\/pages\/2545","targetHints":{"allow":["GET"]}}],"collection":[{"href":"https:\/\/www.kananas.com\/uplegess\/wp-json\/wp\/v2\/pages"}],"about":[{"href":"https:\/\/www.kananas.com\/uplegess\/wp-json\/wp\/v2\/types\/page"}],"author":[{"embeddable":true,"href":"https:\/\/www.kananas.com\/uplegess\/wp-json\/wp\/v2\/users\/1147"}],"replies":[{"embeddable":true,"href":"https:\/\/www.kananas.com\/uplegess\/wp-json\/wp\/v2\/comments?post=2545"}],"version-history":[{"count":8,"href":"https:\/\/www.kananas.com\/uplegess\/wp-json\/wp\/v2\/pages\/2545\/revisions"}],"predecessor-version":[{"id":3305,"href":"https:\/\/www.kananas.com\/uplegess\/wp-json\/wp\/v2\/pages\/2545\/revisions\/3305"}],"wp:attachment":[{"href":"https:\/\/www.kananas.com\/uplegess\/wp-json\/wp\/v2\/media?parent=2545"}],"curies":[{"name":"wp","href":"https:\/\/api.w.org\/{rel}","templated":true}]}}