{"id":662,"date":"2011-12-14T12:05:11","date_gmt":"2011-12-14T12:05:11","guid":{"rendered":"http:\/\/www.gestasso.com\/association\/vudenhaut-france\/"},"modified":"2019-11-18T19:21:08","modified_gmt":"2019-11-18T18:21:08","slug":"ppl_2","status":"publish","type":"page","link":"https:\/\/www.kananas.com\/vudenhaut-france\/formations\/theorique\/ppl_2\/","title":{"rendered":"Private Pilote Licence (PPL)"},"content":{"rendered":"<div>\n<p style=\"text-align: justify\">L&rsquo;\u00e9preuve th\u00e9orique du PPL est un QCM d\u00e9compos\u00e9 en plusieurs mati\u00e8res et comprenant au minimum 120 questions. La r\u00e9ussite est reconnue aux candidats obtenant au moins\u00a0<strong>75%<\/strong> des points allou\u00e9s \u00e0 une \u00e9preuve.<\/p>\n<p style=\"text-align: justify\"><strong>Le programme porte sur les connaissances suivantes\u00a0:<\/strong><\/p>\n<blockquote><p><span style=\"font-style: normal\">1. Droit a\u00e9rien<br \/>\n2. Connaissances g\u00e9n\u00e9rales des a\u00e9ronefs<br \/>\n3. Performances et pr\u00e9paration du vol<br \/>\n4. Performances et limites humaines<br \/>\n5. M\u00e9t\u00e9orologie<br \/>\n6. Navigation<br \/>\n7. Proc\u00e9dures op\u00e9rationnelles<br \/>\n8. Principe du vol<br \/>\n9. Communication<br \/>\n10. S\u00e9curit\u00e9 g\u00e9n\u00e9rale du vol<\/span><\/p>\n<p><span style=\"font-style: normal\">\u00a0<\/span><\/p>\n<p><span style=\"font-style: normal\">11. Insertion des vols dans l&rsquo;environnement (Cette partie ne fait pas partie de l&rsquo;examen th\u00e9orique)<\/span><\/p><\/blockquote>\n<p style=\"text-align: justify\">\n<\/div>\n","protected":false},"excerpt":{"rendered":"<p>L&rsquo;\u00e9preuve th\u00e9orique du PPL est un QCM d\u00e9compos\u00e9 en plusieurs mati\u00e8res et comprenant au minimum 120 questions. La r\u00e9ussite est reconnue aux candidats obtenant au moins\u00a075% des points allou\u00e9s \u00e0 une \u00e9preuve. Le programme porte sur les connaissances suivantes\u00a0: 1. &hellip; <a href=\"https:\/\/www.kananas.com\/vudenhaut-france\/formations\/theorique\/ppl_2\/\">Continuer la lecture <span class=\"meta-nav\">&rarr;<\/span><\/a><\/p>\n","protected":false},"author":1102,"featured_media":0,"parent":375,"menu_order":4,"comment_status":"open","ping_status":"open","template":"","meta":{"_crdt_document":"","footnotes":""},"class_list":["post-662","page","type-page","status-publish","hentry"],"_links":{"self":[{"href":"https:\/\/www.kananas.com\/vudenhaut-france\/wp-json\/wp\/v2\/pages\/662","targetHints":{"allow":["GET"]}}],"collection":[{"href":"https:\/\/www.kananas.com\/vudenhaut-france\/wp-json\/wp\/v2\/pages"}],"about":[{"href":"https:\/\/www.kananas.com\/vudenhaut-france\/wp-json\/wp\/v2\/types\/page"}],"author":[{"embeddable":true,"href":"https:\/\/www.kananas.com\/vudenhaut-france\/wp-json\/wp\/v2\/users\/1102"}],"replies":[{"embeddable":true,"href":"https:\/\/www.kananas.com\/vudenhaut-france\/wp-json\/wp\/v2\/comments?post=662"}],"version-history":[{"count":1,"href":"https:\/\/www.kananas.com\/vudenhaut-france\/wp-json\/wp\/v2\/pages\/662\/revisions"}],"predecessor-version":[{"id":2309,"href":"https:\/\/www.kananas.com\/vudenhaut-france\/wp-json\/wp\/v2\/pages\/662\/revisions\/2309"}],"up":[{"embeddable":true,"href":"https:\/\/www.kananas.com\/vudenhaut-france\/wp-json\/wp\/v2\/pages\/375"}],"wp:attachment":[{"href":"https:\/\/www.kananas.com\/vudenhaut-france\/wp-json\/wp\/v2\/media?parent=662"}],"curies":[{"name":"wp","href":"https:\/\/api.w.org\/{rel}","templated":true}]}}