{"id":78,"date":"2011-09-13T18:48:40","date_gmt":"2011-09-13T18:48:40","guid":{"rendered":"http:\/\/www.gestasso.com\/association\/vudenhaut-france\/"},"modified":"2019-11-18T19:07:14","modified_gmt":"2019-11-18T18:07:14","slug":"lapl","status":"publish","type":"page","link":"https:\/\/www.kananas.com\/vudenhaut-france\/formations\/pratique\/lapl\/","title":{"rendered":"Light Aircraft Pilot Licence (LAPL)"},"content":{"rendered":"<h3><span style=\"color: #000080\"><strong><span style=\"color: #000000\">Licence de pilote d&rsquo;avion l\u00e9ger<\/span><\/strong><\/span><\/h3>\n<ul>\n<li><span style=\"color: #000080\"><strong>FCL.105.A LAPL(A) \u2014Privil\u00e8ges et conditions<\/strong><\/span><\/li>\n<li><\/li>\n<li><span style=\"color: #000080\">(a)<\/span>Les privil\u00e8ges d&rsquo;un titulaire d&rsquo;une <strong>LAPL<\/strong> pour avion consistent \u00e0 agir en tant que PIC sur des avions monomoteurs \u00e0 pistons (terre) <span style=\"text-decoration: underline\">en Europe<\/span>, ayant une masse maximale certifi\u00e9e au d\u00e9collage de 2000 kg voire moins, transportant 3 passagers au maximum, de mani\u00e8re \u00e0 ce qu&rsquo;il n&rsquo;y ait jamais plus de 4 personnes \u00e0 bord de l&rsquo;appareil.<\/li>\n<li><\/li>\n<li>(b)Les titulaires d\u2019une <strong>LAPL(A)<\/strong> ne peuvent transporter des passagers qu\u2019une fois qu\u2019ils ont effectu\u00e9 10 heures de vol en tant que PIC sur avions ou TMG apr\u00e8s la d\u00e9livrance de la licence.<\/li>\n<\/ul>\n<ul>\n<li><span style=\"color: #000080\"> <strong>Conditions de d\u00e9livrance<\/strong><\/span><\/li>\n<\/ul>\n<p>\u00catre \u00e2g\u00e9 de 17 ans r\u00e9volus (Vols solo \u00e0 16 ans minimum) , satisfaire aux conditions d&rsquo;aptitude m\u00e9dicale LAPL (m\u00e9decin agr\u00e9\u00e9). Avoir re\u00e7u une formation d&rsquo;au minimum 30 heures de vol dont 15 heures de vol en double commande et avoir effectu\u00e9 6 heures en vol solo supervis\u00e9 dont 3 heures au minimum en navigation solo (1 navigation de 80Nm (150km)). Avoir satisfait \u00e0 une \u00e9preuve th\u00e9orique correspondant \u00e0 4 parties identiques au th\u00e9orique PPL.<\/p>\n<ul>\n<li><span style=\"color: #000080\"><strong>FCL.140.A LAPL(A) \u2014Exigences en mati\u00e8re d&rsquo;exp\u00e9rience r\u00e9cente<\/strong><\/span><\/li>\n<li><\/li>\n<li>(a)Les titulaires d&rsquo;une LAPL(A) n&rsquo;exerceront les privil\u00e8ges de leur licence que lorsqu&rsquo;ils auront accompli, au cours des 24 derniers mois, en tant que pilotes d&rsquo;avions ou de TMG:<\/li>\n<li>(1)au moins 12 heures de vol en tant que PIC, incluant 12 d\u00e9collages et atterrissages et<\/li>\n<li>(2)1 cours de remise \u00e0 niveau d&rsquo;au moins 1 heure du temps de vol total avec un instructeur.<\/li>\n<li>(b)Les titulaires d&rsquo;une LAPL(A) qui ne satisfont pas aux exigences figurant au point a) devront:<\/li>\n<li>(1)subir un contr\u00f4le de comp\u00e9tences avec un examinateur avant de pouvoir reprendre l&rsquo;exercice des privil\u00e8ges de leur licence, ou<\/li>\n<li>(2)effectuer du temps de vol ou des d\u00e9collages et atterrissages additionnels, en vol \u00e0 double commande ou en solo sous la supervision d&rsquo;un instructeur, afin de r\u00e9pondre aux exigences figurant au point a).<\/li>\n<\/ul>\n","protected":false},"excerpt":{"rendered":"<p>Licence de pilote d&rsquo;avion l\u00e9ger FCL.105.A LAPL(A) \u2014Privil\u00e8ges et conditions (a)Les privil\u00e8ges d&rsquo;un titulaire d&rsquo;une LAPL pour avion consistent \u00e0 agir en tant que PIC sur des avions monomoteurs \u00e0 pistons (terre) en Europe, ayant une masse maximale certifi\u00e9e au &hellip; <a href=\"https:\/\/www.kananas.com\/vudenhaut-france\/formations\/pratique\/lapl\/\">Continuer la lecture <span class=\"meta-nav\">&rarr;<\/span><\/a><\/p>\n","protected":false},"author":1102,"featured_media":0,"parent":559,"menu_order":2,"comment_status":"open","ping_status":"open","template":"","meta":{"_crdt_document":"","footnotes":""},"class_list":["post-78","page","type-page","status-publish","hentry"],"_links":{"self":[{"href":"https:\/\/www.kananas.com\/vudenhaut-france\/wp-json\/wp\/v2\/pages\/78","targetHints":{"allow":["GET"]}}],"collection":[{"href":"https:\/\/www.kananas.com\/vudenhaut-france\/wp-json\/wp\/v2\/pages"}],"about":[{"href":"https:\/\/www.kananas.com\/vudenhaut-france\/wp-json\/wp\/v2\/types\/page"}],"author":[{"embeddable":true,"href":"https:\/\/www.kananas.com\/vudenhaut-france\/wp-json\/wp\/v2\/users\/1102"}],"replies":[{"embeddable":true,"href":"https:\/\/www.kananas.com\/vudenhaut-france\/wp-json\/wp\/v2\/comments?post=78"}],"version-history":[{"count":5,"href":"https:\/\/www.kananas.com\/vudenhaut-france\/wp-json\/wp\/v2\/pages\/78\/revisions"}],"predecessor-version":[{"id":2303,"href":"https:\/\/www.kananas.com\/vudenhaut-france\/wp-json\/wp\/v2\/pages\/78\/revisions\/2303"}],"up":[{"embeddable":true,"href":"https:\/\/www.kananas.com\/vudenhaut-france\/wp-json\/wp\/v2\/pages\/559"}],"wp:attachment":[{"href":"https:\/\/www.kananas.com\/vudenhaut-france\/wp-json\/wp\/v2\/media?parent=78"}],"curies":[{"name":"wp","href":"https:\/\/api.w.org\/{rel}","templated":true}]}}